{"id":9728,"date":"2025-05-24T03:36:06","date_gmt":"2025-05-24T06:36:06","guid":{"rendered":"http:\/\/fullatacados.com.br\/index.php\/produto\/jaqueta-travel-3-preto-g-masc\/"},"modified":"2025-12-01T13:27:40","modified_gmt":"2025-12-01T16:27:40","slug":"jaqueta-travel-3-preto-g-masc","status":"publish","type":"product","link":"https:\/\/fullatacados.com.br\/index.php\/produto\/jaqueta-travel-3-preto-g-masc\/","title":{"rendered":"JAQUETA TRAVEL 3 PRETO G MASC"},"content":{"rendered":"<p>A Jaqueta X11 Travel 3 \u00e9 uma parca touring desenvolvida para motociclistas que buscam prote\u00e7\u00e3o, conforto e versatilidade em qualquer clima. Confeccionada em poli\u00e9ster 300D e 600D, com refor\u00e7os em Ripstop e Oxford Jackguard, ambos 600D, oferece alta resist\u00eancia \u00e0 abras\u00e3o. Possui membrana 100% imperme\u00e1vel e forra\u00e7\u00e3o t\u00e9rmica remov\u00edvel, adaptando-se a diferentes condi\u00e7\u00f5es clim\u00e1ticas.<\/p>\n","protected":false},"excerpt":{"rendered":"<p>Jaqueta X11 Travel 3 preta masculina tamanho G, modelo parca imperme\u00e1vel com forro t\u00e9rmico remov\u00edvel e prote\u00e7\u00f5es CE, ideal para viagens e uso urbano.<\/p>\n","protected":false},"featured_media":9729,"comment_status":"closed","ping_status":"closed","template":"","meta":{"_joinchat":[]},"product_brand":[249],"product_cat":[124,482,476],"product_tag":[],"class_list":{"0":"post-9728","1":"product","2":"type-product","3":"status-publish","4":"has-post-thumbnail","6":"product_brand-x11","7":"product_cat-jaqueta","8":"product_cat-moto-pecas","9":"product_cat-vestuario","10":"product_shipping_class-envionormal","12":"first","13":"outofstock","14":"featured","15":"purchasable","16":"product-type-simple"},"_links":{"self":[{"href":"https:\/\/fullatacados.com.br\/index.php\/wp-json\/wp\/v2\/product\/9728","targetHints":{"allow":["GET"]}}],"collection":[{"href":"https:\/\/fullatacados.com.br\/index.php\/wp-json\/wp\/v2\/product"}],"about":[{"href":"https:\/\/fullatacados.com.br\/index.php\/wp-json\/wp\/v2\/types\/product"}],"replies":[{"embeddable":true,"href":"https:\/\/fullatacados.com.br\/index.php\/wp-json\/wp\/v2\/comments?post=9728"}],"wp:featuredmedia":[{"embeddable":true,"href":"https:\/\/fullatacados.com.br\/index.php\/wp-json\/wp\/v2\/media\/9729"}],"wp:attachment":[{"href":"https:\/\/fullatacados.com.br\/index.php\/wp-json\/wp\/v2\/media?parent=9728"}],"wp:term":[{"taxonomy":"product_brand","embeddable":true,"href":"https:\/\/fullatacados.com.br\/index.php\/wp-json\/wp\/v2\/product_brand?post=9728"},{"taxonomy":"product_cat","embeddable":true,"href":"https:\/\/fullatacados.com.br\/index.php\/wp-json\/wp\/v2\/product_cat?post=9728"},{"taxonomy":"product_tag","embeddable":true,"href":"https:\/\/fullatacados.com.br\/index.php\/wp-json\/wp\/v2\/product_tag?post=9728"}],"curies":[{"name":"wp","href":"https:\/\/api.w.org\/{rel}","templated":true}]}}