{"id":9726,"date":"2025-05-24T03:35:51","date_gmt":"2025-05-24T06:35:51","guid":{"rendered":"http:\/\/fullatacados.com.br\/index.php\/produto\/jaqueta-arizona-tamanho-g\/"},"modified":"2025-12-05T17:20:08","modified_gmt":"2025-12-05T20:20:08","slug":"jaqueta-arizona-tamanho-g","status":"publish","type":"product","link":"https:\/\/fullatacados.com.br\/index.php\/produto\/jaqueta-arizona-tamanho-g\/","title":{"rendered":"JAQUETA ARIZONA TAMANHO G"},"content":{"rendered":"<p>A Jaqueta Arizona Masculina Tradicional \u00e9 ideal para motociclistas que buscam conforto e prote\u00e7\u00e3o durante suas viagens. Confeccionada com materiais resistentes, oferece durabilidade e seguran\u00e7a. Seu design tradicional proporciona um visual cl\u00e1ssico, adequado para diversas ocasi\u00f5es.<\/p>\n","protected":false},"excerpt":{"rendered":"<p>Jaqueta Arizona Masculina Tradicional tamanho G, confeccionada com materiais resistentes, oferece conforto e prote\u00e7\u00e3o para motociclistas.<\/p>\n","protected":false},"featured_media":13429,"comment_status":"closed","ping_status":"closed","template":"","meta":{"_joinchat":[]},"product_brand":[211],"product_cat":[124,482,476],"product_tag":[],"class_list":{"0":"post-9726","1":"product","2":"type-product","3":"status-publish","4":"has-post-thumbnail","6":"product_brand-arizona","7":"product_cat-jaqueta","8":"product_cat-moto-pecas","9":"product_cat-vestuario","10":"product_shipping_class-envionormal","12":"first","13":"instock","14":"featured","15":"purchasable","16":"product-type-simple"},"_links":{"self":[{"href":"https:\/\/fullatacados.com.br\/index.php\/wp-json\/wp\/v2\/product\/9726","targetHints":{"allow":["GET"]}}],"collection":[{"href":"https:\/\/fullatacados.com.br\/index.php\/wp-json\/wp\/v2\/product"}],"about":[{"href":"https:\/\/fullatacados.com.br\/index.php\/wp-json\/wp\/v2\/types\/product"}],"replies":[{"embeddable":true,"href":"https:\/\/fullatacados.com.br\/index.php\/wp-json\/wp\/v2\/comments?post=9726"}],"wp:featuredmedia":[{"embeddable":true,"href":"https:\/\/fullatacados.com.br\/index.php\/wp-json\/wp\/v2\/media\/13429"}],"wp:attachment":[{"href":"https:\/\/fullatacados.com.br\/index.php\/wp-json\/wp\/v2\/media?parent=9726"}],"wp:term":[{"taxonomy":"product_brand","embeddable":true,"href":"https:\/\/fullatacados.com.br\/index.php\/wp-json\/wp\/v2\/product_brand?post=9726"},{"taxonomy":"product_cat","embeddable":true,"href":"https:\/\/fullatacados.com.br\/index.php\/wp-json\/wp\/v2\/product_cat?post=9726"},{"taxonomy":"product_tag","embeddable":true,"href":"https:\/\/fullatacados.com.br\/index.php\/wp-json\/wp\/v2\/product_tag?post=9726"}],"curies":[{"name":"wp","href":"https:\/\/api.w.org\/{rel}","templated":true}]}}