{"id":9710,"date":"2025-05-24T03:35:51","date_gmt":"2025-05-24T06:35:51","guid":{"rendered":"http:\/\/fullatacados.com.br\/index.php\/produto\/filtro-oleo-bmw-fran-ph-6114\/"},"modified":"2026-03-10T17:45:08","modified_gmt":"2026-03-10T20:45:08","slug":"filtro-oleo-bmw-fran-ph-6114","status":"publish","type":"product","link":"https:\/\/fullatacados.com.br\/index.php\/produto\/filtro-oleo-bmw-fran-ph-6114\/","title":{"rendered":"FILTRO OLEO BMW FRAN PH-6114"},"content":{"rendered":"<p>O Filtro de \u00d3leo FRAM PH6114 \u00e9 um componente essencial para a manuten\u00e7\u00e3o do motor de motocicletas BMW. Projetado para remover impurezas do \u00f3leo lubrificante, ele assegura a longevidade e o desempenho ideal do motor. Este modelo \u00e9 blindado, oferecendo maior resist\u00eancia e durabilidade.<\/p>\n","protected":false},"excerpt":{"rendered":"<p>Filtro de \u00f3leo FRAM PH6114 blindado, compat\u00edvel com diversos modelos de motocicletas BMW, garantindo prote\u00e7\u00e3o eficiente do motor.<\/p>\n","protected":false},"featured_media":9711,"comment_status":"closed","ping_status":"closed","template":"","meta":{"_joinchat":[]},"product_brand":[333],"product_cat":[46,482],"product_tag":[],"class_list":{"0":"post-9710","1":"product","2":"type-product","3":"status-publish","4":"has-post-thumbnail","6":"product_brand-fran","7":"product_cat-filtro","8":"product_cat-moto-pecas","9":"product_shipping_class-envionormal","11":"first","12":"instock","13":"purchasable","14":"product-type-simple"},"_links":{"self":[{"href":"https:\/\/fullatacados.com.br\/index.php\/wp-json\/wp\/v2\/product\/9710","targetHints":{"allow":["GET"]}}],"collection":[{"href":"https:\/\/fullatacados.com.br\/index.php\/wp-json\/wp\/v2\/product"}],"about":[{"href":"https:\/\/fullatacados.com.br\/index.php\/wp-json\/wp\/v2\/types\/product"}],"replies":[{"embeddable":true,"href":"https:\/\/fullatacados.com.br\/index.php\/wp-json\/wp\/v2\/comments?post=9710"}],"wp:featuredmedia":[{"embeddable":true,"href":"https:\/\/fullatacados.com.br\/index.php\/wp-json\/wp\/v2\/media\/9711"}],"wp:attachment":[{"href":"https:\/\/fullatacados.com.br\/index.php\/wp-json\/wp\/v2\/media?parent=9710"}],"wp:term":[{"taxonomy":"product_brand","embeddable":true,"href":"https:\/\/fullatacados.com.br\/index.php\/wp-json\/wp\/v2\/product_brand?post=9710"},{"taxonomy":"product_cat","embeddable":true,"href":"https:\/\/fullatacados.com.br\/index.php\/wp-json\/wp\/v2\/product_cat?post=9710"},{"taxonomy":"product_tag","embeddable":true,"href":"https:\/\/fullatacados.com.br\/index.php\/wp-json\/wp\/v2\/product_tag?post=9710"}],"curies":[{"name":"wp","href":"https:\/\/api.w.org\/{rel}","templated":true}]}}