{"id":9589,"date":"2025-05-24T03:34:52","date_gmt":"2025-05-24T06:34:52","guid":{"rendered":"http:\/\/fullatacados.com.br\/index.php\/produto\/capa-banco-yes125-preto\/"},"modified":"2026-05-02T11:40:06","modified_gmt":"2026-05-02T14:40:06","slug":"capa-banco-yes125-preto","status":"publish","type":"product","link":"https:\/\/fullatacados.com.br\/index.php\/produto\/capa-banco-yes125-preto\/","title":{"rendered":"CAPA BANCO YES125 PRETO"},"content":{"rendered":"<p>A Capa do Banco Suzuki Yes 125 2004 \u00e0 2015 Piracapas \u00e9 confeccionada em courvin de alta resist\u00eancia, com espessura de 1,2 mm, proporcionando durabilidade e resist\u00eancia. Seu design \u00e9 compat\u00edvel com os modelos originais, garantindo um encaixe perfeito e mantendo a est\u00e9tica da motocicleta. O produto possui dimens\u00f5es id\u00eanticas ao original e conta com 3 meses de garantia contra defeitos de fabrica\u00e7\u00e3o.<\/p>\n","protected":false},"excerpt":{"rendered":"<p>Capa de banco preta para Suzuki Yes 125 (2004\u20132015), fabricada pela Piracapas, oferecendo prote\u00e7\u00e3o e acabamento original.<\/p>\n","protected":false},"featured_media":9590,"comment_status":"closed","ping_status":"closed","template":"","meta":{"_joinchat":[]},"product_brand":[255],"product_cat":[75,482,15],"product_tag":[],"class_list":{"0":"post-9589","1":"product","2":"type-product","3":"status-publish","4":"has-post-thumbnail","6":"product_brand-piracapas","7":"product_cat-capa","8":"product_cat-moto-pecas","9":"product_cat-sem-categoria","10":"product_shipping_class-envionormal","12":"first","13":"instock","14":"purchasable","15":"product-type-simple"},"_links":{"self":[{"href":"https:\/\/fullatacados.com.br\/index.php\/wp-json\/wp\/v2\/product\/9589","targetHints":{"allow":["GET"]}}],"collection":[{"href":"https:\/\/fullatacados.com.br\/index.php\/wp-json\/wp\/v2\/product"}],"about":[{"href":"https:\/\/fullatacados.com.br\/index.php\/wp-json\/wp\/v2\/types\/product"}],"replies":[{"embeddable":true,"href":"https:\/\/fullatacados.com.br\/index.php\/wp-json\/wp\/v2\/comments?post=9589"}],"wp:featuredmedia":[{"embeddable":true,"href":"https:\/\/fullatacados.com.br\/index.php\/wp-json\/wp\/v2\/media\/9590"}],"wp:attachment":[{"href":"https:\/\/fullatacados.com.br\/index.php\/wp-json\/wp\/v2\/media?parent=9589"}],"wp:term":[{"taxonomy":"product_brand","embeddable":true,"href":"https:\/\/fullatacados.com.br\/index.php\/wp-json\/wp\/v2\/product_brand?post=9589"},{"taxonomy":"product_cat","embeddable":true,"href":"https:\/\/fullatacados.com.br\/index.php\/wp-json\/wp\/v2\/product_cat?post=9589"},{"taxonomy":"product_tag","embeddable":true,"href":"https:\/\/fullatacados.com.br\/index.php\/wp-json\/wp\/v2\/product_tag?post=9589"}],"curies":[{"name":"wp","href":"https:\/\/api.w.org\/{rel}","templated":true}]}}