{"id":9561,"date":"2025-05-24T03:34:37","date_gmt":"2025-05-24T06:34:37","guid":{"rendered":"http:\/\/fullatacados.com.br\/index.php\/produto\/bucha-coroa-yes-suzuki\/"},"modified":"2026-04-30T17:35:07","modified_gmt":"2026-04-30T20:35:07","slug":"bucha-coroa-yes-suzuki","status":"publish","type":"product","link":"https:\/\/fullatacados.com.br\/index.php\/produto\/bucha-coroa-yes-suzuki\/","title":{"rendered":"BUCHA COROA YES SUZUKI"},"content":{"rendered":"<p>A Bucha da Coroa (Coxim) EMBUS\/ILION \u2013 C\u00f3digo 802-E \u00e9 uma pe\u00e7a de reposi\u00e7\u00e3o fabricada em borracha de alta resist\u00eancia, projetada para absorver impactos e reduzir vibra\u00e7\u00f5es entre a coroa e o cubo da roda traseira. Compat\u00edvel com motocicletas Suzuki Yes 125, Intruder 125, Katana 125 e Kasinski 125, esta bucha proporciona uma condu\u00e7\u00e3o mais suave e prolonga a vida \u00fatil dos componentes da transmiss\u00e3o.<\/p>\n","protected":false},"excerpt":{"rendered":"<p>Jogo com 4 buchas de borracha para coroa traseira, compat\u00edvel com modelos Suzuki Yes 125, Intruder 125, Katana 125 e Kasinski 125. Fabricadas pela EMBUS\/ILION, oferecem alta durabilidade e absor\u00e7\u00e3o eficiente de vibra\u00e7\u00f5es.<\/p>\n","protected":false},"featured_media":9562,"comment_status":"closed","ping_status":"closed","template":"","meta":{"_joinchat":[]},"product_brand":[182],"product_cat":[53,482,15],"product_tag":[],"class_list":{"0":"post-9561","1":"product","2":"type-product","3":"status-publish","4":"has-post-thumbnail","6":"product_brand-embus-ilion","7":"product_cat-bucha","8":"product_cat-moto-pecas","9":"product_cat-sem-categoria","10":"product_shipping_class-envionormal","12":"first","13":"instock","14":"purchasable","15":"product-type-simple"},"_links":{"self":[{"href":"https:\/\/fullatacados.com.br\/index.php\/wp-json\/wp\/v2\/product\/9561","targetHints":{"allow":["GET"]}}],"collection":[{"href":"https:\/\/fullatacados.com.br\/index.php\/wp-json\/wp\/v2\/product"}],"about":[{"href":"https:\/\/fullatacados.com.br\/index.php\/wp-json\/wp\/v2\/types\/product"}],"replies":[{"embeddable":true,"href":"https:\/\/fullatacados.com.br\/index.php\/wp-json\/wp\/v2\/comments?post=9561"}],"wp:featuredmedia":[{"embeddable":true,"href":"https:\/\/fullatacados.com.br\/index.php\/wp-json\/wp\/v2\/media\/9562"}],"wp:attachment":[{"href":"https:\/\/fullatacados.com.br\/index.php\/wp-json\/wp\/v2\/media?parent=9561"}],"wp:term":[{"taxonomy":"product_brand","embeddable":true,"href":"https:\/\/fullatacados.com.br\/index.php\/wp-json\/wp\/v2\/product_brand?post=9561"},{"taxonomy":"product_cat","embeddable":true,"href":"https:\/\/fullatacados.com.br\/index.php\/wp-json\/wp\/v2\/product_cat?post=9561"},{"taxonomy":"product_tag","embeddable":true,"href":"https:\/\/fullatacados.com.br\/index.php\/wp-json\/wp\/v2\/product_tag?post=9561"}],"curies":[{"name":"wp","href":"https:\/\/api.w.org\/{rel}","templated":true}]}}