{"id":9555,"date":"2025-05-24T03:34:37","date_gmt":"2025-05-24T06:34:37","guid":{"rendered":"http:\/\/fullatacados.com.br\/index.php\/produto\/bucha-coroa-tit150-jg-orig-honda\/"},"modified":"2026-04-27T08:40:07","modified_gmt":"2026-04-27T11:40:07","slug":"bucha-coroa-tit150-jg-orig-honda","status":"publish","type":"product","link":"https:\/\/fullatacados.com.br\/index.php\/produto\/bucha-coroa-tit150-jg-orig-honda\/","title":{"rendered":"BUCHA COROA TIT150 JG ORIG HONDA"},"content":{"rendered":"<p>O Jogo de Buchas da Coroa (Coxim) Original Honda \u2013 C\u00f3digo 41241-KRM-860 \u00e9 composto por 4 pe\u00e7as de borracha de alta resist\u00eancia, projetadas para absorver impactos e reduzir vibra\u00e7\u00f5es entre a coroa e o cubo da roda traseira. Essas buchas garantem uma condu\u00e7\u00e3o mais suave e protegem os componentes da transmiss\u00e3o contra desgastes prematuros.<\/p>\n","protected":false},"excerpt":{"rendered":"<p>Jogo com 4 buchas de borracha para coroa traseira, original Honda, compat\u00edvel com modelos CG 150 e CG 160 (Titan, Fan, Start e Cargo). Garante absor\u00e7\u00e3o eficiente de impactos e maior durabilidade dos componentes da transmiss\u00e3o.<\/p>\n","protected":false},"featured_media":9556,"comment_status":"closed","ping_status":"closed","template":"","meta":{"_joinchat":[]},"product_brand":[201],"product_cat":[53,482,15],"product_tag":[],"class_list":{"0":"post-9555","1":"product","2":"type-product","3":"status-publish","4":"has-post-thumbnail","6":"product_brand-orig-honda","7":"product_cat-bucha","8":"product_cat-moto-pecas","9":"product_cat-sem-categoria","10":"product_shipping_class-envionormal","12":"first","13":"instock","14":"purchasable","15":"product-type-simple"},"_links":{"self":[{"href":"https:\/\/fullatacados.com.br\/index.php\/wp-json\/wp\/v2\/product\/9555","targetHints":{"allow":["GET"]}}],"collection":[{"href":"https:\/\/fullatacados.com.br\/index.php\/wp-json\/wp\/v2\/product"}],"about":[{"href":"https:\/\/fullatacados.com.br\/index.php\/wp-json\/wp\/v2\/types\/product"}],"replies":[{"embeddable":true,"href":"https:\/\/fullatacados.com.br\/index.php\/wp-json\/wp\/v2\/comments?post=9555"}],"wp:featuredmedia":[{"embeddable":true,"href":"https:\/\/fullatacados.com.br\/index.php\/wp-json\/wp\/v2\/media\/9556"}],"wp:attachment":[{"href":"https:\/\/fullatacados.com.br\/index.php\/wp-json\/wp\/v2\/media?parent=9555"}],"wp:term":[{"taxonomy":"product_brand","embeddable":true,"href":"https:\/\/fullatacados.com.br\/index.php\/wp-json\/wp\/v2\/product_brand?post=9555"},{"taxonomy":"product_cat","embeddable":true,"href":"https:\/\/fullatacados.com.br\/index.php\/wp-json\/wp\/v2\/product_cat?post=9555"},{"taxonomy":"product_tag","embeddable":true,"href":"https:\/\/fullatacados.com.br\/index.php\/wp-json\/wp\/v2\/product_tag?post=9555"}],"curies":[{"name":"wp","href":"https:\/\/api.w.org\/{rel}","templated":true}]}}