{"id":9545,"date":"2025-05-24T03:34:37","date_gmt":"2025-05-24T06:34:37","guid":{"rendered":"http:\/\/fullatacados.com.br\/index.php\/produto\/aro-roda-tras-215x18-nx-xr-xt-land\/"},"modified":"2026-04-29T18:25:08","modified_gmt":"2026-04-29T21:25:08","slug":"aro-roda-tras-215x18-nx-xr-xt-land","status":"publish","type":"product","link":"https:\/\/fullatacados.com.br\/index.php\/produto\/aro-roda-tras-215x18-nx-xr-xt-land\/","title":{"rendered":"ARO RODA TRAS 215X18"},"content":{"rendered":"<p>O Aro de Roda Traseiro Pro Tork AR-09CR \u00e9 fabricado em a\u00e7o de alta resist\u00eancia, utilizando tecnologia de mega solda para garantir emendas perfeitas e maior durabilidade. Projetado para motocicletas como Honda NX 200, XR 200, XR 250 Tornado, Yamaha XT 225, XTZ 125, XTZ 250 Lander e T\u00e9n\u00e9r\u00e9 250, este aro oferece excelente desempenho e confiabilidade. Sua constru\u00e7\u00e3o robusta assegura resist\u00eancia a impactos e deforma\u00e7\u00f5es, sendo ideal para uso urbano e off-road.<\/p>\n","protected":false},"excerpt":{"rendered":"<p>Aro traseiro 2.15&#215;18 polegadas Pro Tork com tecnologia Mega Solda, fabricado em a\u00e7o de alta resist\u00eancia, compat\u00edvel com modelos Honda e Yamaha mencionados. Oferece durabilidade e desempenho superior para uso urbano e off-road.<\/p>\n","protected":false},"featured_media":9546,"comment_status":"closed","ping_status":"closed","template":"","meta":{"_joinchat":[]},"product_brand":[199],"product_cat":[73,482],"product_tag":[],"class_list":{"0":"post-9545","1":"product","2":"type-product","3":"status-publish","4":"has-post-thumbnail","6":"product_brand-importado","7":"product_cat-aro","8":"product_cat-moto-pecas","9":"product_shipping_class-envionormal","11":"first","12":"instock","13":"featured","14":"purchasable","15":"product-type-simple"},"_links":{"self":[{"href":"https:\/\/fullatacados.com.br\/index.php\/wp-json\/wp\/v2\/product\/9545","targetHints":{"allow":["GET"]}}],"collection":[{"href":"https:\/\/fullatacados.com.br\/index.php\/wp-json\/wp\/v2\/product"}],"about":[{"href":"https:\/\/fullatacados.com.br\/index.php\/wp-json\/wp\/v2\/types\/product"}],"replies":[{"embeddable":true,"href":"https:\/\/fullatacados.com.br\/index.php\/wp-json\/wp\/v2\/comments?post=9545"}],"wp:featuredmedia":[{"embeddable":true,"href":"https:\/\/fullatacados.com.br\/index.php\/wp-json\/wp\/v2\/media\/9546"}],"wp:attachment":[{"href":"https:\/\/fullatacados.com.br\/index.php\/wp-json\/wp\/v2\/media?parent=9545"}],"wp:term":[{"taxonomy":"product_brand","embeddable":true,"href":"https:\/\/fullatacados.com.br\/index.php\/wp-json\/wp\/v2\/product_brand?post=9545"},{"taxonomy":"product_cat","embeddable":true,"href":"https:\/\/fullatacados.com.br\/index.php\/wp-json\/wp\/v2\/product_cat?post=9545"},{"taxonomy":"product_tag","embeddable":true,"href":"https:\/\/fullatacados.com.br\/index.php\/wp-json\/wp\/v2\/product_tag?post=9545"}],"curies":[{"name":"wp","href":"https:\/\/api.w.org\/{rel}","templated":true}]}}