{"id":15888,"date":"2026-02-09T14:50:08","date_gmt":"2026-02-09T17:50:08","guid":{"rendered":"https:\/\/fullatacados.com.br\/index.php\/produto\/amortecedor-crosser150-14-17\/"},"modified":"2026-04-10T13:20:08","modified_gmt":"2026-04-10T16:20:08","slug":"amortecedor-crosser150-14-17","status":"publish","type":"product","link":"https:\/\/fullatacados.com.br\/index.php\/produto\/amortecedor-crosser150-14-17\/","title":{"rendered":"AMORTECEDOR CROSSER150 14\/17"},"content":{"rendered":"<h2 data-start=\"88\" data-end=\"142\">Amortecedor Traseiro Yamaha Crosser 150 2014 a 2017<\/h2>\n<p data-start=\"144\" data-end=\"381\">O <strong data-start=\"146\" data-end=\"170\">amortecedor traseiro<\/strong> para <strong data-start=\"176\" data-end=\"215\">Yamaha Crosser 150 anos 2014 a 2017<\/strong> \u00e9 desenvolvido para oferecer <strong data-start=\"245\" data-end=\"283\">conforto, estabilidade e seguran\u00e7a<\/strong>, garantindo melhor absor\u00e7\u00e3o de impactos e controle da motocicleta em diferentes tipos de terreno.<\/p>\n<h3 data-start=\"383\" data-end=\"414\">Caracter\u00edsticas do produto:<\/h3>\n<ul data-start=\"415\" data-end=\"645\">\n<li data-start=\"415\" data-end=\"445\">\n<p data-start=\"417\" data-end=\"445\">Pe\u00e7a: Amortecedor traseiro<\/p>\n<\/li>\n<li data-start=\"446\" data-end=\"505\">\n<p data-start=\"448\" data-end=\"505\">Aplica\u00e7\u00e3o: Yamaha Crosser 150 (2014, 2015, 2016 e 2017)<\/p>\n<\/li>\n<li data-start=\"506\" data-end=\"537\">\n<p data-start=\"508\" data-end=\"537\">Sistema: Suspens\u00e3o traseira<\/p>\n<\/li>\n<li data-start=\"538\" data-end=\"573\">\n<p data-start=\"540\" data-end=\"573\">Alta resist\u00eancia e durabilidade<\/p>\n<\/li>\n<li data-start=\"574\" data-end=\"608\">\n<p data-start=\"576\" data-end=\"608\">Excelente absor\u00e7\u00e3o de impactos<\/p>\n<\/li>\n<li data-start=\"609\" data-end=\"645\">\n<p data-start=\"611\" data-end=\"645\">Encaixe perfeito, sem adapta\u00e7\u00f5es<\/p>\n<\/li>\n<\/ul>\n","protected":false},"excerpt":{"rendered":"<p>Amortecedor Traseiro Yamaha Crosser 150 2014 a 2017 O amortecedor traseiro para Yamaha Crosser 150 anos 2014 a 2017 \u00e9 desenvolvido para oferecer conforto, estabilidade e seguran\u00e7a, garantindo melhor absor\u00e7\u00e3o de impactos e controle da motocicleta em diferentes tipos de terreno. Caracter\u00edsticas do produto: Pe\u00e7a: Amortecedor traseiro Aplica\u00e7\u00e3o: Yamaha Crosser 150 (2014, 2015, 2016 e [&hellip;]<\/p>\n","protected":false},"featured_media":15909,"comment_status":"open","ping_status":"closed","template":"","meta":{"_joinchat":[]},"product_brand":[199],"product_cat":[15],"product_tag":[],"class_list":{"0":"post-15888","1":"product","2":"type-product","3":"status-publish","4":"has-post-thumbnail","6":"product_brand-importado","7":"product_cat-sem-categoria","9":"first","10":"instock","11":"shipping-taxable","12":"purchasable","13":"product-type-simple"},"_links":{"self":[{"href":"https:\/\/fullatacados.com.br\/index.php\/wp-json\/wp\/v2\/product\/15888","targetHints":{"allow":["GET"]}}],"collection":[{"href":"https:\/\/fullatacados.com.br\/index.php\/wp-json\/wp\/v2\/product"}],"about":[{"href":"https:\/\/fullatacados.com.br\/index.php\/wp-json\/wp\/v2\/types\/product"}],"replies":[{"embeddable":true,"href":"https:\/\/fullatacados.com.br\/index.php\/wp-json\/wp\/v2\/comments?post=15888"}],"wp:featuredmedia":[{"embeddable":true,"href":"https:\/\/fullatacados.com.br\/index.php\/wp-json\/wp\/v2\/media\/15909"}],"wp:attachment":[{"href":"https:\/\/fullatacados.com.br\/index.php\/wp-json\/wp\/v2\/media?parent=15888"}],"wp:term":[{"taxonomy":"product_brand","embeddable":true,"href":"https:\/\/fullatacados.com.br\/index.php\/wp-json\/wp\/v2\/product_brand?post=15888"},{"taxonomy":"product_cat","embeddable":true,"href":"https:\/\/fullatacados.com.br\/index.php\/wp-json\/wp\/v2\/product_cat?post=15888"},{"taxonomy":"product_tag","embeddable":true,"href":"https:\/\/fullatacados.com.br\/index.php\/wp-json\/wp\/v2\/product_tag?post=15888"}],"curies":[{"name":"wp","href":"https:\/\/api.w.org\/{rel}","templated":true}]}}