{"id":15416,"date":"2025-08-14T11:35:09","date_gmt":"2025-08-14T14:35:09","guid":{"rendered":"https:\/\/fullatacados.com.br\/index.php\/produto\/pneu-tras-130-70-13-tourance-tl-57p\/"},"modified":"2026-04-04T11:35:07","modified_gmt":"2026-04-04T14:35:07","slug":"pneu-tras-130-70-13-tourance-tl-57p","status":"publish","type":"product","link":"https:\/\/fullatacados.com.br\/index.php\/produto\/pneu-tras-130-70-13-tourance-tl-57p\/","title":{"rendered":"PNEU TRAS 130\/70-13 TOURANCE TL 57P"},"content":{"rendered":"<p>PNEU TRASEIRO 130\/70-13 TOURANCE TL 57P \u2014 Pneu sem c\u00e2mara (TL), \u00edndice de carga 57 (at\u00e9 230 kg) e velocidade P (at\u00e9 150 km\/h), desenvolvido para oferecer excelente ader\u00eancia e estabilidade, ideal para uso em scooters e motos de pequeno porte, com \u00f3timo desempenho tanto no asfalto quanto em vias levemente irregulares.<\/p>\n","protected":false},"excerpt":{"rendered":"<p>PNEU TRASEIRO 130\/70-13 TOURANCE TL 57P \u2014 Pneu sem c\u00e2mara (TL), \u00edndice de carga 57 (at\u00e9 230 kg) e velocidade P (at\u00e9 150 km\/h), desenvolvido para oferecer excelente ader\u00eancia e estabilidade, ideal para uso em scooters e motos de pequeno porte, com \u00f3timo desempenho tanto no asfalto quanto em vias levemente irregulares.<\/p>\n","protected":false},"featured_media":15505,"comment_status":"open","ping_status":"closed","template":"","meta":{"_joinchat":[]},"product_brand":[231],"product_cat":[482,15],"product_tag":[],"class_list":{"0":"post-15416","1":"product","2":"type-product","3":"status-publish","4":"has-post-thumbnail","6":"product_brand-metzeler","7":"product_cat-moto-pecas","8":"product_cat-sem-categoria","9":"product_shipping_class-envionormal","11":"first","12":"instock","13":"shipping-taxable","14":"purchasable","15":"product-type-simple"},"_links":{"self":[{"href":"https:\/\/fullatacados.com.br\/index.php\/wp-json\/wp\/v2\/product\/15416","targetHints":{"allow":["GET"]}}],"collection":[{"href":"https:\/\/fullatacados.com.br\/index.php\/wp-json\/wp\/v2\/product"}],"about":[{"href":"https:\/\/fullatacados.com.br\/index.php\/wp-json\/wp\/v2\/types\/product"}],"replies":[{"embeddable":true,"href":"https:\/\/fullatacados.com.br\/index.php\/wp-json\/wp\/v2\/comments?post=15416"}],"wp:featuredmedia":[{"embeddable":true,"href":"https:\/\/fullatacados.com.br\/index.php\/wp-json\/wp\/v2\/media\/15505"}],"wp:attachment":[{"href":"https:\/\/fullatacados.com.br\/index.php\/wp-json\/wp\/v2\/media?parent=15416"}],"wp:term":[{"taxonomy":"product_brand","embeddable":true,"href":"https:\/\/fullatacados.com.br\/index.php\/wp-json\/wp\/v2\/product_brand?post=15416"},{"taxonomy":"product_cat","embeddable":true,"href":"https:\/\/fullatacados.com.br\/index.php\/wp-json\/wp\/v2\/product_cat?post=15416"},{"taxonomy":"product_tag","embeddable":true,"href":"https:\/\/fullatacados.com.br\/index.php\/wp-json\/wp\/v2\/product_tag?post=15416"}],"curies":[{"name":"wp","href":"https:\/\/api.w.org\/{rel}","templated":true}]}}