{"id":15161,"date":"2025-08-12T16:20:09","date_gmt":"2025-08-12T19:20:09","guid":{"rendered":"https:\/\/fullatacados.com.br\/index.php\/produto\/pneu-diant-110-70-13tl-city-grip\/"},"modified":"2026-03-30T12:05:08","modified_gmt":"2026-03-30T15:05:08","slug":"pneu-diant-110-70-13tl-city-grip","status":"publish","type":"product","link":"https:\/\/fullatacados.com.br\/index.php\/produto\/pneu-diant-110-70-13tl-city-grip\/","title":{"rendered":"PNEU DIANT 110\/70-13TL CITY GRIP"},"content":{"rendered":"","protected":false},"excerpt":{"rendered":"<p>O PNEU DIANT 110\/70-13 TL City Grip \u00e9 um pneu dianteiro sem c\u00e2mara (tubeless) indicado para scooters e motos de aro 13\u201d, da linha Michelin City Grip.<br \/>\nEle oferece boa ader\u00eancia em piso seco e molhado, tecnologia para evitar escorreg\u00f5es em pisos lisos ou molhados e \u00e9 projetado para uso urbano, garantindo conforto e estabilidade.<\/p>\n","protected":false},"featured_media":15207,"comment_status":"open","ping_status":"closed","template":"","meta":{"_joinchat":[]},"product_brand":[228],"product_cat":[482,15],"product_tag":[],"class_list":{"0":"post-15161","1":"product","2":"type-product","3":"status-publish","4":"has-post-thumbnail","6":"product_brand-michelin","7":"product_cat-moto-pecas","8":"product_cat-sem-categoria","9":"product_shipping_class-envionormal","11":"first","12":"instock","13":"shipping-taxable","14":"purchasable","15":"product-type-simple"},"_links":{"self":[{"href":"https:\/\/fullatacados.com.br\/index.php\/wp-json\/wp\/v2\/product\/15161","targetHints":{"allow":["GET"]}}],"collection":[{"href":"https:\/\/fullatacados.com.br\/index.php\/wp-json\/wp\/v2\/product"}],"about":[{"href":"https:\/\/fullatacados.com.br\/index.php\/wp-json\/wp\/v2\/types\/product"}],"replies":[{"embeddable":true,"href":"https:\/\/fullatacados.com.br\/index.php\/wp-json\/wp\/v2\/comments?post=15161"}],"wp:featuredmedia":[{"embeddable":true,"href":"https:\/\/fullatacados.com.br\/index.php\/wp-json\/wp\/v2\/media\/15207"}],"wp:attachment":[{"href":"https:\/\/fullatacados.com.br\/index.php\/wp-json\/wp\/v2\/media?parent=15161"}],"wp:term":[{"taxonomy":"product_brand","embeddable":true,"href":"https:\/\/fullatacados.com.br\/index.php\/wp-json\/wp\/v2\/product_brand?post=15161"},{"taxonomy":"product_cat","embeddable":true,"href":"https:\/\/fullatacados.com.br\/index.php\/wp-json\/wp\/v2\/product_cat?post=15161"},{"taxonomy":"product_tag","embeddable":true,"href":"https:\/\/fullatacados.com.br\/index.php\/wp-json\/wp\/v2\/product_tag?post=15161"}],"curies":[{"name":"wp","href":"https:\/\/api.w.org\/{rel}","templated":true}]}}