{"id":15159,"date":"2025-08-12T16:20:09","date_gmt":"2025-08-12T19:20:09","guid":{"rendered":"https:\/\/fullatacados.com.br\/index.php\/produto\/pneu-diant-120-70-19-scorpion-tr-2\/"},"modified":"2026-02-11T15:25:06","modified_gmt":"2026-02-11T18:25:06","slug":"pneu-diant-120-70-19-scorpion-tr-2","status":"publish","type":"product","link":"https:\/\/fullatacados.com.br\/index.php\/produto\/pneu-diant-120-70-19-scorpion-tr-2\/","title":{"rendered":"PNEU DIANT 120\/70-19 SCORPION TR 2"},"content":{"rendered":"<p>O Pneu Dianteiro 120\/70-19 Scorpion Trail II \u00e9 um modelo sem c\u00e2mara (tubeless) da Pirelli, desenvolvido para motos big trail e uso misto on\/off-road.<br \/>\nEle combina desempenho em estradas asfaltadas com boa tra\u00e7\u00e3o em vias de terra batida, oferecendo excelente estabilidade, durabilidade e ader\u00eancia em piso seco e molhado, ideal para viagens longas e aventuras.<\/p>\n","protected":false},"excerpt":{"rendered":"<p>O Pneu Dianteiro 120\/70-19 Scorpion Trail II \u00e9 um modelo sem c\u00e2mara (tubeless) da Pirelli, desenvolvido para motos big trail e uso misto on\/off-road. Ele combina desempenho em estradas asfaltadas com boa tra\u00e7\u00e3o em vias de terra batida, oferecendo excelente estabilidade, durabilidade e ader\u00eancia em piso seco e molhado, ideal para viagens longas e aventuras.<\/p>\n","protected":false},"featured_media":15208,"comment_status":"open","ping_status":"closed","template":"","meta":{"_joinchat":[]},"product_brand":[227],"product_cat":[482,15],"product_tag":[],"class_list":{"0":"post-15159","1":"product","2":"type-product","3":"status-publish","4":"has-post-thumbnail","6":"product_brand-pirelli","7":"product_cat-moto-pecas","8":"product_cat-sem-categoria","9":"product_shipping_class-envionormal","11":"first","12":"instock","13":"shipping-taxable","14":"purchasable","15":"product-type-simple"},"_links":{"self":[{"href":"https:\/\/fullatacados.com.br\/index.php\/wp-json\/wp\/v2\/product\/15159","targetHints":{"allow":["GET"]}}],"collection":[{"href":"https:\/\/fullatacados.com.br\/index.php\/wp-json\/wp\/v2\/product"}],"about":[{"href":"https:\/\/fullatacados.com.br\/index.php\/wp-json\/wp\/v2\/types\/product"}],"replies":[{"embeddable":true,"href":"https:\/\/fullatacados.com.br\/index.php\/wp-json\/wp\/v2\/comments?post=15159"}],"wp:featuredmedia":[{"embeddable":true,"href":"https:\/\/fullatacados.com.br\/index.php\/wp-json\/wp\/v2\/media\/15208"}],"wp:attachment":[{"href":"https:\/\/fullatacados.com.br\/index.php\/wp-json\/wp\/v2\/media?parent=15159"}],"wp:term":[{"taxonomy":"product_brand","embeddable":true,"href":"https:\/\/fullatacados.com.br\/index.php\/wp-json\/wp\/v2\/product_brand?post=15159"},{"taxonomy":"product_cat","embeddable":true,"href":"https:\/\/fullatacados.com.br\/index.php\/wp-json\/wp\/v2\/product_cat?post=15159"},{"taxonomy":"product_tag","embeddable":true,"href":"https:\/\/fullatacados.com.br\/index.php\/wp-json\/wp\/v2\/product_tag?post=15159"}],"curies":[{"name":"wp","href":"https:\/\/api.w.org\/{rel}","templated":true}]}}