{"id":15154,"date":"2025-08-12T16:10:09","date_gmt":"2025-08-12T19:10:09","guid":{"rendered":"https:\/\/fullatacados.com.br\/index.php\/produto\/rolamento-6303-nachi\/"},"modified":"2026-04-27T15:25:07","modified_gmt":"2026-04-27T18:25:07","slug":"rolamento-6303-nachi","status":"publish","type":"product","link":"https:\/\/fullatacados.com.br\/index.php\/produto\/rolamento-6303-nachi\/","title":{"rendered":"ROLAMENTO 6303"},"content":{"rendered":"<p>O Rolamento 6303 Nachi \u00e9 um rolamento r\u00edgido de esferas de alta qualidade, fabricado pela Nachi, indicado para aplica\u00e7\u00f5es automotivas, industriais e motocicl\u00edsticas.<br \/>\nPossui medidas padr\u00e3o: di\u00e2metro interno 17 mm, di\u00e2metro externo 47 mm e largura 14 mm. Oferece baixo atrito, alta durabilidade e suporta cargas radiais e axiais moderadas, garantindo desempenho confi\u00e1vel.<\/p>\n","protected":false},"excerpt":{"rendered":"<p>O Rolamento 6303 Nachi \u00e9 um rolamento r\u00edgido de esferas de alta qualidade, fabricado pela Nachi, indicado para aplica\u00e7\u00f5es automotivas, industriais e motocicl\u00edsticas. Possui medidas padr\u00e3o: di\u00e2metro interno 17 mm, di\u00e2metro externo 47 mm e largura 14 mm. Oferece baixo atrito, alta durabilidade e suporta cargas radiais e axiais moderadas, garantindo desempenho confi\u00e1vel.<\/p>\n","protected":false},"featured_media":15215,"comment_status":"open","ping_status":"closed","template":"","meta":{"_joinchat":[]},"product_brand":[238],"product_cat":[482,15],"product_tag":[],"class_list":{"0":"post-15154","1":"product","2":"type-product","3":"status-publish","4":"has-post-thumbnail","6":"product_brand-nachi","7":"product_cat-moto-pecas","8":"product_cat-sem-categoria","9":"product_shipping_class-envionormal","11":"first","12":"instock","13":"shipping-taxable","14":"purchasable","15":"product-type-simple"},"_links":{"self":[{"href":"https:\/\/fullatacados.com.br\/index.php\/wp-json\/wp\/v2\/product\/15154","targetHints":{"allow":["GET"]}}],"collection":[{"href":"https:\/\/fullatacados.com.br\/index.php\/wp-json\/wp\/v2\/product"}],"about":[{"href":"https:\/\/fullatacados.com.br\/index.php\/wp-json\/wp\/v2\/types\/product"}],"replies":[{"embeddable":true,"href":"https:\/\/fullatacados.com.br\/index.php\/wp-json\/wp\/v2\/comments?post=15154"}],"wp:featuredmedia":[{"embeddable":true,"href":"https:\/\/fullatacados.com.br\/index.php\/wp-json\/wp\/v2\/media\/15215"}],"wp:attachment":[{"href":"https:\/\/fullatacados.com.br\/index.php\/wp-json\/wp\/v2\/media?parent=15154"}],"wp:term":[{"taxonomy":"product_brand","embeddable":true,"href":"https:\/\/fullatacados.com.br\/index.php\/wp-json\/wp\/v2\/product_brand?post=15154"},{"taxonomy":"product_cat","embeddable":true,"href":"https:\/\/fullatacados.com.br\/index.php\/wp-json\/wp\/v2\/product_cat?post=15154"},{"taxonomy":"product_tag","embeddable":true,"href":"https:\/\/fullatacados.com.br\/index.php\/wp-json\/wp\/v2\/product_tag?post=15154"}],"curies":[{"name":"wp","href":"https:\/\/api.w.org\/{rel}","templated":true}]}}