{"id":15132,"date":"2025-08-12T16:05:11","date_gmt":"2025-08-12T19:05:11","guid":{"rendered":"https:\/\/fullatacados.com.br\/index.php\/produto\/sensor-atuador-marcha-lenta-tit150-16\/"},"modified":"2026-04-30T17:00:07","modified_gmt":"2026-04-30T20:00:07","slug":"sensor-atuador-marcha-lenta-tit150-16","status":"publish","type":"product","link":"https:\/\/fullatacados.com.br\/index.php\/produto\/sensor-atuador-marcha-lenta-tit150-16\/","title":{"rendered":"SENSOR ATUADOR MARCHA LENTA TIT150 16"},"content":{"rendered":"<p>Sensor Atuador de Marcha Lenta Titan 150 2016: componente eletr\u00f4nico da Honda Titan 150 (2016) respons\u00e1vel por controlar o fluxo de ar em marcha lenta, garantindo funcionamento est\u00e1vel do motor, menor consumo de combust\u00edvel e desempenho eficiente.<\/p>\n","protected":false},"excerpt":{"rendered":"<p>Sensor Atuador de Marcha Lenta Titan 150 2016: componente eletr\u00f4nico da Honda Titan 150 (2016) respons\u00e1vel por controlar o fluxo de ar em marcha lenta, garantindo funcionamento est\u00e1vel do motor, menor consumo de combust\u00edvel e desempenho eficiente.<\/p>\n","protected":false},"featured_media":15243,"comment_status":"open","ping_status":"closed","template":"","meta":{"_joinchat":[]},"product_brand":[181],"product_cat":[482,15],"product_tag":[],"class_list":{"0":"post-15132","1":"product","2":"type-product","3":"status-publish","4":"has-post-thumbnail","6":"product_brand-smartfox","7":"product_cat-moto-pecas","8":"product_cat-sem-categoria","9":"product_shipping_class-envionormal","11":"first","12":"instock","13":"shipping-taxable","14":"purchasable","15":"product-type-simple"},"_links":{"self":[{"href":"https:\/\/fullatacados.com.br\/index.php\/wp-json\/wp\/v2\/product\/15132","targetHints":{"allow":["GET"]}}],"collection":[{"href":"https:\/\/fullatacados.com.br\/index.php\/wp-json\/wp\/v2\/product"}],"about":[{"href":"https:\/\/fullatacados.com.br\/index.php\/wp-json\/wp\/v2\/types\/product"}],"replies":[{"embeddable":true,"href":"https:\/\/fullatacados.com.br\/index.php\/wp-json\/wp\/v2\/comments?post=15132"}],"wp:featuredmedia":[{"embeddable":true,"href":"https:\/\/fullatacados.com.br\/index.php\/wp-json\/wp\/v2\/media\/15243"}],"wp:attachment":[{"href":"https:\/\/fullatacados.com.br\/index.php\/wp-json\/wp\/v2\/media?parent=15132"}],"wp:term":[{"taxonomy":"product_brand","embeddable":true,"href":"https:\/\/fullatacados.com.br\/index.php\/wp-json\/wp\/v2\/product_brand?post=15132"},{"taxonomy":"product_cat","embeddable":true,"href":"https:\/\/fullatacados.com.br\/index.php\/wp-json\/wp\/v2\/product_cat?post=15132"},{"taxonomy":"product_tag","embeddable":true,"href":"https:\/\/fullatacados.com.br\/index.php\/wp-json\/wp\/v2\/product_tag?post=15132"}],"curies":[{"name":"wp","href":"https:\/\/api.w.org\/{rel}","templated":true}]}}