{"id":15114,"date":"2025-08-12T16:00:09","date_gmt":"2025-08-12T19:00:09","guid":{"rendered":"https:\/\/fullatacados.com.br\/index.php\/produto\/sensor-velocimetro-tit-fan-sta160-16\/"},"modified":"2026-04-18T11:00:07","modified_gmt":"2026-04-18T14:00:07","slug":"sensor-velocimetro-tit-fan-sta160-16","status":"publish","type":"product","link":"https:\/\/fullatacados.com.br\/index.php\/produto\/sensor-velocimetro-tit-fan-sta160-16\/","title":{"rendered":"SENSOR VELOCIMETRO TIT\/FAN\/STA160 16\/"},"content":{"rendered":"<p>Sensor de Veloc\u00edmetro Titan\/Fan\/Start 160 16\/: componente eletr\u00f4nico para Honda Titan 160, Fan 160 e Start 160 (a partir de 2016), respons\u00e1vel por monitorar a velocidade da motocicleta.<br \/>\nFornece informa\u00e7\u00f5es precisas ao painel, garantindo seguran\u00e7a, controle correto da velocidade e funcionamento adequado de sistemas dependentes da velocidade, como o ABS.<\/p>\n","protected":false},"excerpt":{"rendered":"<p>Sensor de Veloc\u00edmetro Titan\/Fan\/Start 160 16\/: componente eletr\u00f4nico para Honda Titan 160, Fan 160 e Start 160 (a partir de 2016), respons\u00e1vel por monitorar a velocidade da motocicleta. Fornece informa\u00e7\u00f5es precisas ao painel, garantindo seguran\u00e7a, controle correto da velocidade e funcionamento adequado de sistemas dependentes da velocidade, como o ABS.<\/p>\n","protected":false},"featured_media":15282,"comment_status":"open","ping_status":"closed","template":"","meta":{"_joinchat":[]},"product_brand":[199],"product_cat":[482,15],"product_tag":[],"class_list":{"0":"post-15114","1":"product","2":"type-product","3":"status-publish","4":"has-post-thumbnail","6":"product_brand-importado","7":"product_cat-moto-pecas","8":"product_cat-sem-categoria","9":"product_shipping_class-envionormal","11":"first","12":"instock","13":"shipping-taxable","14":"purchasable","15":"product-type-simple"},"_links":{"self":[{"href":"https:\/\/fullatacados.com.br\/index.php\/wp-json\/wp\/v2\/product\/15114","targetHints":{"allow":["GET"]}}],"collection":[{"href":"https:\/\/fullatacados.com.br\/index.php\/wp-json\/wp\/v2\/product"}],"about":[{"href":"https:\/\/fullatacados.com.br\/index.php\/wp-json\/wp\/v2\/types\/product"}],"replies":[{"embeddable":true,"href":"https:\/\/fullatacados.com.br\/index.php\/wp-json\/wp\/v2\/comments?post=15114"}],"wp:featuredmedia":[{"embeddable":true,"href":"https:\/\/fullatacados.com.br\/index.php\/wp-json\/wp\/v2\/media\/15282"}],"wp:attachment":[{"href":"https:\/\/fullatacados.com.br\/index.php\/wp-json\/wp\/v2\/media?parent=15114"}],"wp:term":[{"taxonomy":"product_brand","embeddable":true,"href":"https:\/\/fullatacados.com.br\/index.php\/wp-json\/wp\/v2\/product_brand?post=15114"},{"taxonomy":"product_cat","embeddable":true,"href":"https:\/\/fullatacados.com.br\/index.php\/wp-json\/wp\/v2\/product_cat?post=15114"},{"taxonomy":"product_tag","embeddable":true,"href":"https:\/\/fullatacados.com.br\/index.php\/wp-json\/wp\/v2\/product_tag?post=15114"}],"curies":[{"name":"wp","href":"https:\/\/api.w.org\/{rel}","templated":true}]}}