{"id":15108,"date":"2025-08-12T16:00:09","date_gmt":"2025-08-12T19:00:09","guid":{"rendered":"https:\/\/fullatacados.com.br\/index.php\/produto\/sensor-velocimetro-cb300\/"},"modified":"2026-04-18T11:00:07","modified_gmt":"2026-04-18T14:00:07","slug":"sensor-velocimetro-cb300","status":"publish","type":"product","link":"https:\/\/fullatacados.com.br\/index.php\/produto\/sensor-velocimetro-cb300\/","title":{"rendered":"SENSOR VELOCIMETRO CB300"},"content":{"rendered":"<p>Sensor de Veloc\u00edmetro CB300: componente eletr\u00f4nico para a Honda CB300, respons\u00e1vel por monitorar a velocidade da motocicleta.<br \/>\nFornece informa\u00e7\u00f5es precisas ao painel, garantindo seguran\u00e7a, controle correto da velocidade e funcionamento adequado de sistemas dependentes da velocidade, como o ABS.<\/p>\n","protected":false},"excerpt":{"rendered":"<p>Sensor de Veloc\u00edmetro CB300: componente eletr\u00f4nico para a Honda CB300, respons\u00e1vel por monitorar a velocidade da motocicleta. Fornece informa\u00e7\u00f5es precisas ao painel, garantindo seguran\u00e7a, controle correto da velocidade e funcionamento adequado de sistemas dependentes da velocidade, como o ABS.<\/p>\n","protected":false},"featured_media":15277,"comment_status":"open","ping_status":"closed","template":"","meta":{"_joinchat":[]},"product_brand":[199],"product_cat":[482,15],"product_tag":[],"class_list":{"0":"post-15108","1":"product","2":"type-product","3":"status-publish","4":"has-post-thumbnail","6":"product_brand-importado","7":"product_cat-moto-pecas","8":"product_cat-sem-categoria","9":"product_shipping_class-envionormal","11":"first","12":"instock","13":"shipping-taxable","14":"purchasable","15":"product-type-simple"},"_links":{"self":[{"href":"https:\/\/fullatacados.com.br\/index.php\/wp-json\/wp\/v2\/product\/15108","targetHints":{"allow":["GET"]}}],"collection":[{"href":"https:\/\/fullatacados.com.br\/index.php\/wp-json\/wp\/v2\/product"}],"about":[{"href":"https:\/\/fullatacados.com.br\/index.php\/wp-json\/wp\/v2\/types\/product"}],"replies":[{"embeddable":true,"href":"https:\/\/fullatacados.com.br\/index.php\/wp-json\/wp\/v2\/comments?post=15108"}],"wp:featuredmedia":[{"embeddable":true,"href":"https:\/\/fullatacados.com.br\/index.php\/wp-json\/wp\/v2\/media\/15277"}],"wp:attachment":[{"href":"https:\/\/fullatacados.com.br\/index.php\/wp-json\/wp\/v2\/media?parent=15108"}],"wp:term":[{"taxonomy":"product_brand","embeddable":true,"href":"https:\/\/fullatacados.com.br\/index.php\/wp-json\/wp\/v2\/product_brand?post=15108"},{"taxonomy":"product_cat","embeddable":true,"href":"https:\/\/fullatacados.com.br\/index.php\/wp-json\/wp\/v2\/product_cat?post=15108"},{"taxonomy":"product_tag","embeddable":true,"href":"https:\/\/fullatacados.com.br\/index.php\/wp-json\/wp\/v2\/product_tag?post=15108"}],"curies":[{"name":"wp","href":"https:\/\/api.w.org\/{rel}","templated":true}]}}