{"id":14820,"date":"2025-08-01T17:40:08","date_gmt":"2025-08-01T20:40:08","guid":{"rendered":"https:\/\/fullatacados.com.br\/index.php\/produto\/relacao-xj6-c-ret\/"},"modified":"2026-03-17T09:05:08","modified_gmt":"2026-03-17T12:05:08","slug":"relacao-xj6-c-ret","status":"publish","type":"product","link":"https:\/\/fullatacados.com.br\/index.php\/produto\/relacao-xj6-c-ret\/","title":{"rendered":"RELACAO XJ6 C\/RET"},"content":{"rendered":"","protected":false},"excerpt":{"rendered":"<p>Rela\u00e7\u00e3o XJ6 c\/ retentor<br \/>\nConjunto completo de transmiss\u00e3o para Yamaha XJ6 com retentor. Inclui corrente, coroa e pinh\u00e3o, garantindo maior durabilidade, desempenho e veda\u00e7\u00e3o contra impurezas. Ideal para quem busca seguran\u00e7a e performance na pilotagem.<\/p>\n","protected":false},"featured_media":0,"comment_status":"open","ping_status":"closed","template":"","meta":{"_joinchat":[]},"product_brand":[479],"product_cat":[482,15],"product_tag":[],"class_list":{"0":"post-14820","1":"product","2":"type-product","3":"status-publish","5":"product_brand-iron","6":"product_cat-moto-pecas","7":"product_cat-sem-categoria","8":"product_shipping_class-envionormal","10":"first","11":"instock","12":"shipping-taxable","13":"purchasable","14":"product-type-simple"},"_links":{"self":[{"href":"https:\/\/fullatacados.com.br\/index.php\/wp-json\/wp\/v2\/product\/14820","targetHints":{"allow":["GET"]}}],"collection":[{"href":"https:\/\/fullatacados.com.br\/index.php\/wp-json\/wp\/v2\/product"}],"about":[{"href":"https:\/\/fullatacados.com.br\/index.php\/wp-json\/wp\/v2\/types\/product"}],"replies":[{"embeddable":true,"href":"https:\/\/fullatacados.com.br\/index.php\/wp-json\/wp\/v2\/comments?post=14820"}],"wp:attachment":[{"href":"https:\/\/fullatacados.com.br\/index.php\/wp-json\/wp\/v2\/media?parent=14820"}],"wp:term":[{"taxonomy":"product_brand","embeddable":true,"href":"https:\/\/fullatacados.com.br\/index.php\/wp-json\/wp\/v2\/product_brand?post=14820"},{"taxonomy":"product_cat","embeddable":true,"href":"https:\/\/fullatacados.com.br\/index.php\/wp-json\/wp\/v2\/product_cat?post=14820"},{"taxonomy":"product_tag","embeddable":true,"href":"https:\/\/fullatacados.com.br\/index.php\/wp-json\/wp\/v2\/product_tag?post=14820"}],"curies":[{"name":"wp","href":"https:\/\/api.w.org\/{rel}","templated":true}]}}