{"id":14819,"date":"2025-08-01T17:35:07","date_gmt":"2025-08-01T20:35:07","guid":{"rendered":"https:\/\/fullatacados.com.br\/index.php\/produto\/relacao-sahara-300-24-25-c-retentor\/"},"modified":"2026-04-22T16:25:07","modified_gmt":"2026-04-22T19:25:07","slug":"relacao-sahara-300-24-25-c-retentor","status":"publish","type":"product","link":"https:\/\/fullatacados.com.br\/index.php\/produto\/relacao-sahara-300-24-25-c-retentor\/","title":{"rendered":"RELACAO SAHARA 300 24\/25 C\/RETENTOR"},"content":{"rendered":"<p>Rela\u00e7\u00e3o Sahara 300 2024\/2025 c\/ Retentor<br \/>\nKit rela\u00e7\u00e3o completo para Honda Sahara 300 (anos 2024\/2025), com corrente, coroa e pinh\u00e3o. Equipado com retentor, garante melhor veda\u00e7\u00e3o, menor desgaste e alta durabilidade, ideal para uso on e off-road.<\/p>\n","protected":false},"excerpt":{"rendered":"<p>Rela\u00e7\u00e3o Sahara 300 2024\/2025 c\/ Retentor<br \/>\nKit rela\u00e7\u00e3o completo para Honda Sahara 300 (anos 2024\/2025), com corrente, coroa e pinh\u00e3o. Equipado com retentor, garante melhor veda\u00e7\u00e3o, menor desgaste e alta durabilidade, ideal para uso on e off-road.<\/p>\n","protected":false},"featured_media":14904,"comment_status":"open","ping_status":"closed","template":"","meta":{"_joinchat":[]},"product_brand":[199],"product_cat":[482,15],"product_tag":[],"class_list":{"0":"post-14819","1":"product","2":"type-product","3":"status-publish","4":"has-post-thumbnail","6":"product_brand-importado","7":"product_cat-moto-pecas","8":"product_cat-sem-categoria","9":"product_shipping_class-envionormal","11":"first","12":"instock","13":"shipping-taxable","14":"purchasable","15":"product-type-simple"},"_links":{"self":[{"href":"https:\/\/fullatacados.com.br\/index.php\/wp-json\/wp\/v2\/product\/14819","targetHints":{"allow":["GET"]}}],"collection":[{"href":"https:\/\/fullatacados.com.br\/index.php\/wp-json\/wp\/v2\/product"}],"about":[{"href":"https:\/\/fullatacados.com.br\/index.php\/wp-json\/wp\/v2\/types\/product"}],"replies":[{"embeddable":true,"href":"https:\/\/fullatacados.com.br\/index.php\/wp-json\/wp\/v2\/comments?post=14819"}],"wp:featuredmedia":[{"embeddable":true,"href":"https:\/\/fullatacados.com.br\/index.php\/wp-json\/wp\/v2\/media\/14904"}],"wp:attachment":[{"href":"https:\/\/fullatacados.com.br\/index.php\/wp-json\/wp\/v2\/media?parent=14819"}],"wp:term":[{"taxonomy":"product_brand","embeddable":true,"href":"https:\/\/fullatacados.com.br\/index.php\/wp-json\/wp\/v2\/product_brand?post=14819"},{"taxonomy":"product_cat","embeddable":true,"href":"https:\/\/fullatacados.com.br\/index.php\/wp-json\/wp\/v2\/product_cat?post=14819"},{"taxonomy":"product_tag","embeddable":true,"href":"https:\/\/fullatacados.com.br\/index.php\/wp-json\/wp\/v2\/product_tag?post=14819"}],"curies":[{"name":"wp","href":"https:\/\/api.w.org\/{rel}","templated":true}]}}