{"id":14818,"date":"2025-08-01T17:35:07","date_gmt":"2025-08-01T20:35:07","guid":{"rendered":"https:\/\/fullatacados.com.br\/index.php\/produto\/relacao-mt07-c-ret-aco-1045\/"},"modified":"2025-12-22T09:10:08","modified_gmt":"2025-12-22T12:10:08","slug":"relacao-mt07-c-ret-aco-1045","status":"publish","type":"product","link":"https:\/\/fullatacados.com.br\/index.php\/produto\/relacao-mt07-c-ret-aco-1045\/","title":{"rendered":"RELACAO MT07 C\/RET ACO 1045"},"content":{"rendered":"","protected":false},"excerpt":{"rendered":"<p>Rela\u00e7\u00e3o MT-07 c\/ Retentor \u2013 A\u00e7o 1045<br \/>\nKit rela\u00e7\u00e3o completo para Yamaha MT-07, composto por corrente, coroa e pinh\u00e3o com retentor. Fabricado em a\u00e7o 1045, oferece alta resist\u00eancia, maior durabilidade e excelente desempenho na transmiss\u00e3o. Ideal para uso urbano e estrada.<\/p>\n","protected":false},"featured_media":0,"comment_status":"open","ping_status":"closed","template":"","meta":{"_joinchat":[]},"product_brand":[479],"product_cat":[482,15],"product_tag":[],"class_list":{"0":"post-14818","1":"product","2":"type-product","3":"status-publish","5":"product_brand-iron","6":"product_cat-moto-pecas","7":"product_cat-sem-categoria","8":"product_shipping_class-envionormal","10":"first","11":"outofstock","12":"shipping-taxable","13":"purchasable","14":"product-type-simple"},"_links":{"self":[{"href":"https:\/\/fullatacados.com.br\/index.php\/wp-json\/wp\/v2\/product\/14818","targetHints":{"allow":["GET"]}}],"collection":[{"href":"https:\/\/fullatacados.com.br\/index.php\/wp-json\/wp\/v2\/product"}],"about":[{"href":"https:\/\/fullatacados.com.br\/index.php\/wp-json\/wp\/v2\/types\/product"}],"replies":[{"embeddable":true,"href":"https:\/\/fullatacados.com.br\/index.php\/wp-json\/wp\/v2\/comments?post=14818"}],"wp:attachment":[{"href":"https:\/\/fullatacados.com.br\/index.php\/wp-json\/wp\/v2\/media?parent=14818"}],"wp:term":[{"taxonomy":"product_brand","embeddable":true,"href":"https:\/\/fullatacados.com.br\/index.php\/wp-json\/wp\/v2\/product_brand?post=14818"},{"taxonomy":"product_cat","embeddable":true,"href":"https:\/\/fullatacados.com.br\/index.php\/wp-json\/wp\/v2\/product_cat?post=14818"},{"taxonomy":"product_tag","embeddable":true,"href":"https:\/\/fullatacados.com.br\/index.php\/wp-json\/wp\/v2\/product_tag?post=14818"}],"curies":[{"name":"wp","href":"https:\/\/api.w.org\/{rel}","templated":true}]}}