{"id":14814,"date":"2025-08-01T17:30:09","date_gmt":"2025-08-01T20:30:09","guid":{"rendered":"https:\/\/fullatacados.com.br\/index.php\/produto\/relacao-bmw-g650-gs-r-c-ret-iron-prem\/"},"modified":"2025-12-01T13:19:24","modified_gmt":"2025-12-01T16:19:24","slug":"relacao-bmw-g650-gs-r-c-ret-iron-prem","status":"publish","type":"product","link":"https:\/\/fullatacados.com.br\/index.php\/produto\/relacao-bmw-g650-gs-r-c-ret-iron-prem\/","title":{"rendered":"RELACAO BMW G650 GS\/R C\/ RET IRON PREM"},"content":{"rendered":"<p>Rela\u00e7\u00e3o BMW G650 GS\/R c\/ Retentor \u2013 Iron Premium<br \/>\nKit de transmiss\u00e3o completo da linha Iron Premium para BMW G650 GS\/R, com corrente, coroa e pinh\u00e3o com retentor. Alta durabilidade, excelente veda\u00e7\u00e3o e desempenho superior, ideal para quem exige qualidade e resist\u00eancia em qualquer terreno.<\/p>\n","protected":false},"excerpt":{"rendered":"<p>Rela\u00e7\u00e3o BMW G650 GS\/R c\/ Retentor \u2013 Iron Premium<br \/>\nKit de transmiss\u00e3o completo da linha Iron Premium para BMW G650 GS\/R, com corrente, coroa e pinh\u00e3o com retentor. Alta durabilidade, excelente veda\u00e7\u00e3o e desempenho superior, ideal para quem exige qualidade e resist\u00eancia em qualquer terreno.<\/p>\n","protected":false},"featured_media":14904,"comment_status":"open","ping_status":"closed","template":"","meta":{"_joinchat":[]},"product_brand":[479],"product_cat":[482,15],"product_tag":[],"class_list":{"0":"post-14814","1":"product","2":"type-product","3":"status-publish","4":"has-post-thumbnail","6":"product_brand-iron","7":"product_cat-moto-pecas","8":"product_cat-sem-categoria","9":"product_shipping_class-envionormal","11":"first","12":"instock","13":"shipping-taxable","14":"purchasable","15":"product-type-simple"},"_links":{"self":[{"href":"https:\/\/fullatacados.com.br\/index.php\/wp-json\/wp\/v2\/product\/14814","targetHints":{"allow":["GET"]}}],"collection":[{"href":"https:\/\/fullatacados.com.br\/index.php\/wp-json\/wp\/v2\/product"}],"about":[{"href":"https:\/\/fullatacados.com.br\/index.php\/wp-json\/wp\/v2\/types\/product"}],"replies":[{"embeddable":true,"href":"https:\/\/fullatacados.com.br\/index.php\/wp-json\/wp\/v2\/comments?post=14814"}],"wp:featuredmedia":[{"embeddable":true,"href":"https:\/\/fullatacados.com.br\/index.php\/wp-json\/wp\/v2\/media\/14904"}],"wp:attachment":[{"href":"https:\/\/fullatacados.com.br\/index.php\/wp-json\/wp\/v2\/media?parent=14814"}],"wp:term":[{"taxonomy":"product_brand","embeddable":true,"href":"https:\/\/fullatacados.com.br\/index.php\/wp-json\/wp\/v2\/product_brand?post=14814"},{"taxonomy":"product_cat","embeddable":true,"href":"https:\/\/fullatacados.com.br\/index.php\/wp-json\/wp\/v2\/product_cat?post=14814"},{"taxonomy":"product_tag","embeddable":true,"href":"https:\/\/fullatacados.com.br\/index.php\/wp-json\/wp\/v2\/product_tag?post=14814"}],"curies":[{"name":"wp","href":"https:\/\/api.w.org\/{rel}","templated":true}]}}