{"id":14811,"date":"2025-08-01T17:30:08","date_gmt":"2025-08-01T20:30:08","guid":{"rendered":"https:\/\/fullatacados.com.br\/index.php\/produto\/relacao-ninja250-300-c-ret-importado\/"},"modified":"2026-03-16T09:55:08","modified_gmt":"2026-03-16T12:55:08","slug":"relacao-ninja250-300-c-ret-importado","status":"publish","type":"product","link":"https:\/\/fullatacados.com.br\/index.php\/produto\/relacao-ninja250-300-c-ret-importado\/","title":{"rendered":"RELACAO NINJA250\/300 C\/RET IMPORTADO"},"content":{"rendered":"<div>Rela\u00e7\u00e3o Completa com Retentor Importada \u2013 Ninja 250 \/ Ninja 300<\/div>\n<div><\/div>\n<div>Garanta o desempenho e a durabilidade da sua moto com essa rela\u00e7\u00e3o completa importada, ideal para Kawasaki Ninja 250 e Ninja 300. Fabricada com materiais de alta qualidade, oferece excelente resist\u00eancia ao desgaste, com corrente refor\u00e7ada com retentor (O\u2019ring), que proporciona maior vida \u00fatil e menor necessidade de manuten\u00e7\u00e3o.<\/div>\n<div><\/div>\n<div>\ud83d\udd27 Especifica\u00e7\u00f5es:<\/div>\n<div>\u2022Compat\u00edvel com: Kawasaki Ninja 250 e Ninja 300 (todos os anos)<\/div>\n<div>\u2022Kit completo: Coroa, pinh\u00e3o e corrente<\/div>\n<div>\u2022Corrente com retentor (O\u2019ring) \u2013 menor atrito e mais durabilidade<\/div>\n<div>\u2022Produto importado de alta performance<\/div>\n<div>\u2022Ideal para uso urbano ou esportivo<\/div>\n","protected":false},"excerpt":{"rendered":"<p>Rela\u00e7\u00e3o Completa com Retentor Importada \u2013 Ninja 250 \/ Ninja 300 Garanta o desempenho e a durabilidade da sua moto com essa rela\u00e7\u00e3o completa importada, ideal para Kawasaki Ninja 250 e Ninja 300. Fabricada com materiais de alta qualidade, oferece excelente resist\u00eancia ao desgaste, com corrente refor\u00e7ada com retentor (O\u2019ring), que proporciona maior vida \u00fatil [&hellip;]<\/p>\n","protected":false},"featured_media":14904,"comment_status":"open","ping_status":"closed","template":"","meta":{"_joinchat":[]},"product_brand":[199],"product_cat":[482,15],"product_tag":[],"class_list":{"0":"post-14811","1":"product","2":"type-product","3":"status-publish","4":"has-post-thumbnail","6":"product_brand-importado","7":"product_cat-moto-pecas","8":"product_cat-sem-categoria","9":"product_shipping_class-envionormal","11":"first","12":"instock","13":"shipping-taxable","14":"purchasable","15":"product-type-simple"},"_links":{"self":[{"href":"https:\/\/fullatacados.com.br\/index.php\/wp-json\/wp\/v2\/product\/14811","targetHints":{"allow":["GET"]}}],"collection":[{"href":"https:\/\/fullatacados.com.br\/index.php\/wp-json\/wp\/v2\/product"}],"about":[{"href":"https:\/\/fullatacados.com.br\/index.php\/wp-json\/wp\/v2\/types\/product"}],"replies":[{"embeddable":true,"href":"https:\/\/fullatacados.com.br\/index.php\/wp-json\/wp\/v2\/comments?post=14811"}],"wp:featuredmedia":[{"embeddable":true,"href":"https:\/\/fullatacados.com.br\/index.php\/wp-json\/wp\/v2\/media\/14904"}],"wp:attachment":[{"href":"https:\/\/fullatacados.com.br\/index.php\/wp-json\/wp\/v2\/media?parent=14811"}],"wp:term":[{"taxonomy":"product_brand","embeddable":true,"href":"https:\/\/fullatacados.com.br\/index.php\/wp-json\/wp\/v2\/product_brand?post=14811"},{"taxonomy":"product_cat","embeddable":true,"href":"https:\/\/fullatacados.com.br\/index.php\/wp-json\/wp\/v2\/product_cat?post=14811"},{"taxonomy":"product_tag","embeddable":true,"href":"https:\/\/fullatacados.com.br\/index.php\/wp-json\/wp\/v2\/product_tag?post=14811"}],"curies":[{"name":"wp","href":"https:\/\/api.w.org\/{rel}","templated":true}]}}