{"id":14785,"date":"2025-07-31T10:20:08","date_gmt":"2025-07-31T13:20:08","guid":{"rendered":"https:\/\/fullatacados.com.br\/index.php\/produto\/relacao-tit150-s-ret-smartfox\/"},"modified":"2026-05-15T18:05:07","modified_gmt":"2026-05-15T21:05:07","slug":"relacao-tit150-s-ret-smartfox","status":"publish","type":"product","link":"https:\/\/fullatacados.com.br\/index.php\/produto\/relacao-tit150-s-ret-smartfox\/","title":{"rendered":"RELACAO TIT150 S\/RET SMARTFOX"},"content":{"rendered":"<p>Rela\u00e7\u00e3o TITAN 150 S\/Retentor \u2013 SMARTFOX<br \/>\nKit rela\u00e7\u00e3o sem retentor para Honda Titan 150. Marca SMARTFOX. Acompanha corrente, coroa e pinh\u00e3o. \u00d3tima op\u00e7\u00e3o para reposi\u00e7\u00e3o com durabilidade e excelente custo-benef\u00edcio no uso di\u00e1rio.<\/p>\n","protected":false},"excerpt":{"rendered":"<p>Rela\u00e7\u00e3o TITAN 150 S\/Retentor \u2013 SMARTFOX Kit rela\u00e7\u00e3o sem retentor para Honda Titan 150. Marca SMARTFOX. Acompanha corrente, coroa e pinh\u00e3o. \u00d3tima op\u00e7\u00e3o para reposi\u00e7\u00e3o com durabilidade e excelente custo-benef\u00edcio no uso di\u00e1rio.<\/p>\n","protected":false},"featured_media":14801,"comment_status":"open","ping_status":"closed","template":"","meta":{"_joinchat":[]},"product_brand":[181],"product_cat":[482,15],"product_tag":[],"class_list":{"0":"post-14785","1":"product","2":"type-product","3":"status-publish","4":"has-post-thumbnail","6":"product_brand-smartfox","7":"product_cat-moto-pecas","8":"product_cat-sem-categoria","9":"product_shipping_class-envionormal","11":"first","12":"instock","13":"featured","14":"shipping-taxable","15":"purchasable","16":"product-type-simple"},"_links":{"self":[{"href":"https:\/\/fullatacados.com.br\/index.php\/wp-json\/wp\/v2\/product\/14785","targetHints":{"allow":["GET"]}}],"collection":[{"href":"https:\/\/fullatacados.com.br\/index.php\/wp-json\/wp\/v2\/product"}],"about":[{"href":"https:\/\/fullatacados.com.br\/index.php\/wp-json\/wp\/v2\/types\/product"}],"replies":[{"embeddable":true,"href":"https:\/\/fullatacados.com.br\/index.php\/wp-json\/wp\/v2\/comments?post=14785"}],"wp:featuredmedia":[{"embeddable":true,"href":"https:\/\/fullatacados.com.br\/index.php\/wp-json\/wp\/v2\/media\/14801"}],"wp:attachment":[{"href":"https:\/\/fullatacados.com.br\/index.php\/wp-json\/wp\/v2\/media?parent=14785"}],"wp:term":[{"taxonomy":"product_brand","embeddable":true,"href":"https:\/\/fullatacados.com.br\/index.php\/wp-json\/wp\/v2\/product_brand?post=14785"},{"taxonomy":"product_cat","embeddable":true,"href":"https:\/\/fullatacados.com.br\/index.php\/wp-json\/wp\/v2\/product_cat?post=14785"},{"taxonomy":"product_tag","embeddable":true,"href":"https:\/\/fullatacados.com.br\/index.php\/wp-json\/wp\/v2\/product_tag?post=14785"}],"curies":[{"name":"wp","href":"https:\/\/api.w.org\/{rel}","templated":true}]}}