{"id":14509,"date":"2025-07-28T17:05:11","date_gmt":"2025-07-28T20:05:11","guid":{"rendered":"https:\/\/fullatacados.com.br\/index.php\/produto\/blusa-segunda-pele-g-protecao-uv\/"},"modified":"2026-04-07T14:30:07","modified_gmt":"2026-04-07T17:30:07","slug":"blusa-segunda-pele-g-protecao-uv","status":"publish","type":"product","link":"https:\/\/fullatacados.com.br\/index.php\/produto\/blusa-segunda-pele-g-protecao-uv\/","title":{"rendered":"BLUSA SEGUNDA PELE G PROTECAO UV"},"content":{"rendered":"","protected":false},"excerpt":{"rendered":"<h3 data-section-id=\"11bycqc\" data-start=\"635\" data-end=\"658\">Caracter\u00edsticas:<\/h3>\n<ul data-start=\"660\" data-end=\"1152\">\n<li data-start=\"660\" data-end=\"748\">\n<p data-start=\"662\" data-end=\"748\">\u2744\ufe0f <strong data-start=\"665\" data-end=\"697\">Isolamento t\u00e9rmico eficiente<\/strong> \u2013 Mant\u00e9m o corpo aquecido e reduz a perda de calor<\/p>\n<\/li>\n<li data-start=\"749\" data-end=\"841\">\n<p data-start=\"751\" data-end=\"841\">\ud83e\uddd8\u200d\u2642\ufe0f <strong data-start=\"757\" data-end=\"785\">Modelagem justa ao corpo<\/strong> \u2013 Segunda pele com ajuste anat\u00f4mico para maior conforto<\/p>\n<\/li>\n<li data-start=\"842\" data-end=\"919\">\n<p data-start=\"844\" data-end=\"919\">\ud83d\udca8 <strong data-start=\"847\" data-end=\"868\">Tecido respir\u00e1vel<\/strong> \u2013 Evita o ac\u00famulo de suor e proporciona ventila\u00e7\u00e3o<\/p>\n<\/li>\n<li data-start=\"920\" data-end=\"999\">\n<p data-start=\"922\" data-end=\"999\">\ud83d\udeab <strong data-start=\"925\" data-end=\"947\">N\u00e3o forma bolinhas<\/strong> \u2013 Acabamento de qualidade e durabilidade prolongada<\/p>\n<\/li>\n<li data-start=\"1000\" data-end=\"1058\">\n<p data-start=\"1002\" data-end=\"1058\">\ud83d\udcaa <strong data-start=\"1005\" data-end=\"1026\">Alta elasticidade<\/strong> \u2013 Liberdade total de movimentos<\/p>\n<\/li>\n<li data-start=\"1059\" data-end=\"1152\">\n<p data-start=\"1061\" data-end=\"1152\">\ud83d\udc55 <strong data-start=\"1064\" data-end=\"1091\">Ideal para sobreposi\u00e7\u00e3o<\/strong> \u2013 Pode ser usada por baixo de casacos, uniformes ou jaquetas<\/p>\n<\/li>\n<\/ul>\n","protected":false},"featured_media":14519,"comment_status":"open","ping_status":"closed","template":"","meta":{"_joinchat":[]},"product_brand":[180],"product_cat":[482,15],"product_tag":[],"class_list":{"0":"post-14509","1":"product","2":"type-product","3":"status-publish","4":"has-post-thumbnail","6":"product_brand-paralelo","7":"product_cat-moto-pecas","8":"product_cat-sem-categoria","9":"product_shipping_class-envionormal","11":"first","12":"instock","13":"shipping-taxable","14":"purchasable","15":"product-type-simple"},"_links":{"self":[{"href":"https:\/\/fullatacados.com.br\/index.php\/wp-json\/wp\/v2\/product\/14509","targetHints":{"allow":["GET"]}}],"collection":[{"href":"https:\/\/fullatacados.com.br\/index.php\/wp-json\/wp\/v2\/product"}],"about":[{"href":"https:\/\/fullatacados.com.br\/index.php\/wp-json\/wp\/v2\/types\/product"}],"replies":[{"embeddable":true,"href":"https:\/\/fullatacados.com.br\/index.php\/wp-json\/wp\/v2\/comments?post=14509"}],"wp:featuredmedia":[{"embeddable":true,"href":"https:\/\/fullatacados.com.br\/index.php\/wp-json\/wp\/v2\/media\/14519"}],"wp:attachment":[{"href":"https:\/\/fullatacados.com.br\/index.php\/wp-json\/wp\/v2\/media?parent=14509"}],"wp:term":[{"taxonomy":"product_brand","embeddable":true,"href":"https:\/\/fullatacados.com.br\/index.php\/wp-json\/wp\/v2\/product_brand?post=14509"},{"taxonomy":"product_cat","embeddable":true,"href":"https:\/\/fullatacados.com.br\/index.php\/wp-json\/wp\/v2\/product_cat?post=14509"},{"taxonomy":"product_tag","embeddable":true,"href":"https:\/\/fullatacados.com.br\/index.php\/wp-json\/wp\/v2\/product_tag?post=14509"}],"curies":[{"name":"wp","href":"https:\/\/api.w.org\/{rel}","templated":true}]}}