{"id":14495,"date":"2025-07-28T17:05:10","date_gmt":"2025-07-28T20:05:10","guid":{"rendered":"https:\/\/fullatacados.com.br\/index.php\/produto\/bloco-optico-tit150-mix-11-13\/"},"modified":"2026-04-22T14:50:07","modified_gmt":"2026-04-22T17:50:07","slug":"bloco-optico-tit150-mix-11-13","status":"publish","type":"product","link":"https:\/\/fullatacados.com.br\/index.php\/produto\/bloco-optico-tit150-mix-11-13\/","title":{"rendered":"BLOCO OPTICO TIT150 MIX 11\/13"},"content":{"rendered":"","protected":false},"excerpt":{"rendered":"<div>Aplica\u00e7\u00e3o: Honda CG 150 Titan Mix \u2014 anos 2011, 2012 e 2013<\/div>\n<div>\u2022Material: Lente em acr\u00edlico transparente + carca\u00e7a em pl\u00e1stico resistente<\/div>\n<div>\u2022Ilumina\u00e7\u00e3o: Suporta l\u00e2mpada H4 12V 35\/35W (n\u00e3o acompanha)<\/div>\n<div>\u2022Modelo: Tipo \u201cm\u00e1scara\u201d, encaixe espec\u00edfico da carenagem frontal<\/div>\n<div>\u2022Instala\u00e7\u00e3o: Encaixe perfeito sem adapta\u00e7\u00f5es<\/div>\n<div>\u2022Fun\u00e7\u00e3o: Garante visibilidade segura e est\u00e9tica original da moto<\/div>\n","protected":false},"featured_media":14524,"comment_status":"open","ping_status":"closed","template":"","meta":{"_joinchat":[]},"product_brand":[199],"product_cat":[482,15],"product_tag":[],"class_list":{"0":"post-14495","1":"product","2":"type-product","3":"status-publish","4":"has-post-thumbnail","6":"product_brand-importado","7":"product_cat-moto-pecas","8":"product_cat-sem-categoria","9":"product_shipping_class-envionormal","11":"first","12":"instock","13":"shipping-taxable","14":"purchasable","15":"product-type-simple"},"_links":{"self":[{"href":"https:\/\/fullatacados.com.br\/index.php\/wp-json\/wp\/v2\/product\/14495","targetHints":{"allow":["GET"]}}],"collection":[{"href":"https:\/\/fullatacados.com.br\/index.php\/wp-json\/wp\/v2\/product"}],"about":[{"href":"https:\/\/fullatacados.com.br\/index.php\/wp-json\/wp\/v2\/types\/product"}],"replies":[{"embeddable":true,"href":"https:\/\/fullatacados.com.br\/index.php\/wp-json\/wp\/v2\/comments?post=14495"}],"wp:featuredmedia":[{"embeddable":true,"href":"https:\/\/fullatacados.com.br\/index.php\/wp-json\/wp\/v2\/media\/14524"}],"wp:attachment":[{"href":"https:\/\/fullatacados.com.br\/index.php\/wp-json\/wp\/v2\/media?parent=14495"}],"wp:term":[{"taxonomy":"product_brand","embeddable":true,"href":"https:\/\/fullatacados.com.br\/index.php\/wp-json\/wp\/v2\/product_brand?post=14495"},{"taxonomy":"product_cat","embeddable":true,"href":"https:\/\/fullatacados.com.br\/index.php\/wp-json\/wp\/v2\/product_cat?post=14495"},{"taxonomy":"product_tag","embeddable":true,"href":"https:\/\/fullatacados.com.br\/index.php\/wp-json\/wp\/v2\/product_tag?post=14495"}],"curies":[{"name":"wp","href":"https:\/\/api.w.org\/{rel}","templated":true}]}}