{"id":14492,"date":"2025-07-28T17:05:09","date_gmt":"2025-07-28T20:05:09","guid":{"rendered":"https:\/\/fullatacados.com.br\/index.php\/produto\/bloco-optico-land250-07-18\/"},"modified":"2026-04-02T17:15:07","modified_gmt":"2026-04-02T20:15:07","slug":"bloco-optico-land250-07-18","status":"publish","type":"product","link":"https:\/\/fullatacados.com.br\/index.php\/produto\/bloco-optico-land250-07-18\/","title":{"rendered":"BLOCO OPTICO LAND250 07\/18"},"content":{"rendered":"","protected":false},"excerpt":{"rendered":"<div>Bloco \u00d3ptico Lander 250 \u2013 2007 a 2018<\/div>\n<div>\u2022Aplica\u00e7\u00e3o: Yamaha XTZ 250 Lander \u2013 modelos de 2007 a 2018<\/div>\n<div>\u2022Material: Lente em acr\u00edlico transparente + carca\u00e7a em pl\u00e1stico r\u00edgido<\/div>\n<div>\u2022Ilumina\u00e7\u00e3o: Compat\u00edvel com l\u00e2mpada H4 12V 35\/35W (n\u00e3o inclusa)<\/div>\n<div>\u2022Modelo: Formato triangular, com estilo off-road e encaixe exclusivo<\/div>\n<div>\u2022Instala\u00e7\u00e3o: Encaixe perfeito, substitui\u00e7\u00e3o direta sem adapta\u00e7\u00f5es<\/div>\n<div>\u2022Fun\u00e7\u00e3o: Ilumina\u00e7\u00e3o eficiente para uso urbano e trilhas, mantendo o visual original<\/div>\n","protected":false},"featured_media":14529,"comment_status":"open","ping_status":"closed","template":"","meta":{"_joinchat":[]},"product_brand":[199],"product_cat":[482,15],"product_tag":[],"class_list":{"0":"post-14492","1":"product","2":"type-product","3":"status-publish","4":"has-post-thumbnail","6":"product_brand-importado","7":"product_cat-moto-pecas","8":"product_cat-sem-categoria","9":"product_shipping_class-envionormal","11":"first","12":"instock","13":"shipping-taxable","14":"purchasable","15":"product-type-simple"},"_links":{"self":[{"href":"https:\/\/fullatacados.com.br\/index.php\/wp-json\/wp\/v2\/product\/14492","targetHints":{"allow":["GET"]}}],"collection":[{"href":"https:\/\/fullatacados.com.br\/index.php\/wp-json\/wp\/v2\/product"}],"about":[{"href":"https:\/\/fullatacados.com.br\/index.php\/wp-json\/wp\/v2\/types\/product"}],"replies":[{"embeddable":true,"href":"https:\/\/fullatacados.com.br\/index.php\/wp-json\/wp\/v2\/comments?post=14492"}],"wp:featuredmedia":[{"embeddable":true,"href":"https:\/\/fullatacados.com.br\/index.php\/wp-json\/wp\/v2\/media\/14529"}],"wp:attachment":[{"href":"https:\/\/fullatacados.com.br\/index.php\/wp-json\/wp\/v2\/media?parent=14492"}],"wp:term":[{"taxonomy":"product_brand","embeddable":true,"href":"https:\/\/fullatacados.com.br\/index.php\/wp-json\/wp\/v2\/product_brand?post=14492"},{"taxonomy":"product_cat","embeddable":true,"href":"https:\/\/fullatacados.com.br\/index.php\/wp-json\/wp\/v2\/product_cat?post=14492"},{"taxonomy":"product_tag","embeddable":true,"href":"https:\/\/fullatacados.com.br\/index.php\/wp-json\/wp\/v2\/product_tag?post=14492"}],"curies":[{"name":"wp","href":"https:\/\/api.w.org\/{rel}","templated":true}]}}