{"id":14465,"date":"2025-07-28T17:00:08","date_gmt":"2025-07-28T20:00:08","guid":{"rendered":"https:\/\/fullatacados.com.br\/index.php\/produto\/bateria-12v-motobatt-mbtx16u-agm\/"},"modified":"2026-03-20T11:25:07","modified_gmt":"2026-03-20T14:25:07","slug":"bateria-12v-motobatt-mbtx16u-agm","status":"publish","type":"product","link":"https:\/\/fullatacados.com.br\/index.php\/produto\/bateria-12v-motobatt-mbtx16u-agm\/","title":{"rendered":"BATERIA 12V MOTOBATT MBTX16U AGM"},"content":{"rendered":"<div>Alta capacidade e CCA superior para partidas confi\u00e1veis mesmo em climas frios<\/div>\n<div>\u2022Constru\u00e7\u00e3o vedada e AGM, totalmente livre de manuten\u00e7\u00e3o e sem risco de vazamento<\/div>\n<div>\u2022Design flex\u00edvel QuadFlex para facilitar a instala\u00e7\u00e3o em diferentes modelos<\/div>\n<div>\u2022Dur\u00e1vel e resistente a vibra\u00e7\u00f5es, ideal para uso exigente em powersports<\/div>\n<div>\u2022Pronta para uso direto da f\u00e1brica, sem necessidade de adicionar \u00e1cido ou carregar previamente<\/div>\n","protected":false},"excerpt":{"rendered":"<p>Alta capacidade e CCA superior para partidas confi\u00e1veis mesmo em climas frios \u2022Constru\u00e7\u00e3o vedada e AGM, totalmente livre de manuten\u00e7\u00e3o e sem risco de vazamento \u2022Design flex\u00edvel QuadFlex para facilitar a instala\u00e7\u00e3o em diferentes modelos \u2022Dur\u00e1vel e resistente a vibra\u00e7\u00f5es, ideal para uso exigente em powersports \u2022Pronta para uso direto da f\u00e1brica, sem necessidade de [&hellip;]<\/p>\n","protected":false},"featured_media":14341,"comment_status":"open","ping_status":"closed","template":"","meta":{"_joinchat":[]},"product_brand":[271],"product_cat":[482,15],"product_tag":[],"class_list":{"0":"post-14465","1":"product","2":"type-product","3":"status-publish","4":"has-post-thumbnail","6":"product_brand-motobatt","7":"product_cat-moto-pecas","8":"product_cat-sem-categoria","9":"product_shipping_class-envionormal","11":"first","12":"instock","13":"shipping-taxable","14":"purchasable","15":"product-type-simple"},"_links":{"self":[{"href":"https:\/\/fullatacados.com.br\/index.php\/wp-json\/wp\/v2\/product\/14465","targetHints":{"allow":["GET"]}}],"collection":[{"href":"https:\/\/fullatacados.com.br\/index.php\/wp-json\/wp\/v2\/product"}],"about":[{"href":"https:\/\/fullatacados.com.br\/index.php\/wp-json\/wp\/v2\/types\/product"}],"replies":[{"embeddable":true,"href":"https:\/\/fullatacados.com.br\/index.php\/wp-json\/wp\/v2\/comments?post=14465"}],"wp:featuredmedia":[{"embeddable":true,"href":"https:\/\/fullatacados.com.br\/index.php\/wp-json\/wp\/v2\/media\/14341"}],"wp:attachment":[{"href":"https:\/\/fullatacados.com.br\/index.php\/wp-json\/wp\/v2\/media?parent=14465"}],"wp:term":[{"taxonomy":"product_brand","embeddable":true,"href":"https:\/\/fullatacados.com.br\/index.php\/wp-json\/wp\/v2\/product_brand?post=14465"},{"taxonomy":"product_cat","embeddable":true,"href":"https:\/\/fullatacados.com.br\/index.php\/wp-json\/wp\/v2\/product_cat?post=14465"},{"taxonomy":"product_tag","embeddable":true,"href":"https:\/\/fullatacados.com.br\/index.php\/wp-json\/wp\/v2\/product_tag?post=14465"}],"curies":[{"name":"wp","href":"https:\/\/api.w.org\/{rel}","templated":true}]}}