{"id":14464,"date":"2025-07-28T17:00:08","date_gmt":"2025-07-28T20:00:08","guid":{"rendered":"https:\/\/fullatacados.com.br\/index.php\/produto\/balanca-traseira-tit-fan-start-160\/"},"modified":"2026-04-29T18:25:11","modified_gmt":"2026-04-29T21:25:11","slug":"balanca-traseira-tit-fan-start-160","status":"publish","type":"product","link":"https:\/\/fullatacados.com.br\/index.php\/produto\/balanca-traseira-tit-fan-start-160\/","title":{"rendered":"BALANCA TRASEIRA TIT\/FAN\/START 160"},"content":{"rendered":"<p>Balan\u00e7a Traseira Titan\/Fan\/Start 160<br \/>\nComponente em a\u00e7o de alta resist\u00eancia, respons\u00e1vel pela fixa\u00e7\u00e3o e articula\u00e7\u00e3o da roda traseira. Garante estabilidade, alinhamento e seguran\u00e7a durante a pilotagem. Compat\u00edvel com os modelos Honda CG 160 Titan, Fan e Start. Encaixe preciso e durabilidade comprovada.<\/p>\n","protected":false},"excerpt":{"rendered":"<p>Balan\u00e7a Traseira Titan\/Fan\/Start 160 Componente em a\u00e7o de alta resist\u00eancia, respons\u00e1vel pela fixa\u00e7\u00e3o e articula\u00e7\u00e3o da roda traseira. Garante estabilidade, alinhamento e seguran\u00e7a durante a pilotagem. Compat\u00edvel com os modelos Honda CG 160 Titan, Fan e Start. Encaixe preciso e durabilidade comprovada.<\/p>\n","protected":false},"featured_media":14561,"comment_status":"open","ping_status":"closed","template":"","meta":{"_joinchat":[]},"product_brand":[181],"product_cat":[482,15],"product_tag":[],"class_list":{"0":"post-14464","1":"product","2":"type-product","3":"status-publish","4":"has-post-thumbnail","6":"product_brand-smartfox","7":"product_cat-moto-pecas","8":"product_cat-sem-categoria","9":"product_shipping_class-envionormal","11":"first","12":"instock","13":"shipping-taxable","14":"purchasable","15":"product-type-simple"},"_links":{"self":[{"href":"https:\/\/fullatacados.com.br\/index.php\/wp-json\/wp\/v2\/product\/14464","targetHints":{"allow":["GET"]}}],"collection":[{"href":"https:\/\/fullatacados.com.br\/index.php\/wp-json\/wp\/v2\/product"}],"about":[{"href":"https:\/\/fullatacados.com.br\/index.php\/wp-json\/wp\/v2\/types\/product"}],"replies":[{"embeddable":true,"href":"https:\/\/fullatacados.com.br\/index.php\/wp-json\/wp\/v2\/comments?post=14464"}],"wp:featuredmedia":[{"embeddable":true,"href":"https:\/\/fullatacados.com.br\/index.php\/wp-json\/wp\/v2\/media\/14561"}],"wp:attachment":[{"href":"https:\/\/fullatacados.com.br\/index.php\/wp-json\/wp\/v2\/media?parent=14464"}],"wp:term":[{"taxonomy":"product_brand","embeddable":true,"href":"https:\/\/fullatacados.com.br\/index.php\/wp-json\/wp\/v2\/product_brand?post=14464"},{"taxonomy":"product_cat","embeddable":true,"href":"https:\/\/fullatacados.com.br\/index.php\/wp-json\/wp\/v2\/product_cat?post=14464"},{"taxonomy":"product_tag","embeddable":true,"href":"https:\/\/fullatacados.com.br\/index.php\/wp-json\/wp\/v2\/product_tag?post=14464"}],"curies":[{"name":"wp","href":"https:\/\/api.w.org\/{rel}","templated":true}]}}