{"id":14462,"date":"2025-07-28T17:00:08","date_gmt":"2025-07-28T20:00:08","guid":{"rendered":"https:\/\/fullatacados.com.br\/index.php\/produto\/balanca-traseira-tit150-ks-04-08\/"},"modified":"2026-04-28T12:05:07","modified_gmt":"2026-04-28T15:05:07","slug":"balanca-traseira-tit150-ks-04-08","status":"publish","type":"product","link":"https:\/\/fullatacados.com.br\/index.php\/produto\/balanca-traseira-tit150-ks-04-08\/","title":{"rendered":"BALANCA TRASEIRA TIT150 KS 04\/08"},"content":{"rendered":"<div>Balan\u00e7a Traseira Titan 150 KS (2004 a 2008)<\/div>\n<div>\u2022Aplica\u00e7\u00e3o: Honda Titan 150 KS\/ES, tamb\u00e9m compat\u00edvel com Fan 125 e Fan 150 (modelos de 2000 a 2008)\u00a0 \ufffc<\/div>\n<div>\u2022Material: A\u00e7o maci\u00e7o de alta resist\u00eancia, com acabamento anticorrosivo para maior durabilidade\u00a0 \ufffc<\/div>\n<div>\u2022Fun\u00e7\u00e3o: Respons\u00e1vel por conectar o quadro \u00e0 roda traseira, absorvendo impactos e mantendo alinhamento e estabilidade durante a pilotagem\u00a0 \ufffc \ufffc<\/div>\n<div>\u2022Instala\u00e7\u00e3o: Substitui\u00e7\u00e3o direta com encaixe original, sem adapta\u00e7\u00f5es; instala\u00e7\u00e3o recomendada por profissional especializado\u00a0 \ufffc<\/div>\n<div>\u2022Peso aproximado: Cerca de 3,2\u202fkg (modelo Mofardini)<\/div>\n","protected":false},"excerpt":{"rendered":"<p>Balan\u00e7a Traseira Titan 150 KS (2004 a 2008) \u2022Aplica\u00e7\u00e3o: Honda Titan 150 KS\/ES, tamb\u00e9m compat\u00edvel com Fan 125 e Fan 150 (modelos de 2000 a 2008)\u00a0 \ufffc \u2022Material: A\u00e7o maci\u00e7o de alta resist\u00eancia, com acabamento anticorrosivo para maior durabilidade\u00a0 \ufffc \u2022Fun\u00e7\u00e3o: Respons\u00e1vel por conectar o quadro \u00e0 roda traseira, absorvendo impactos e mantendo alinhamento e [&hellip;]<\/p>\n","protected":false},"featured_media":14553,"comment_status":"open","ping_status":"closed","template":"","meta":{"_joinchat":[]},"product_brand":[181],"product_cat":[482,15],"product_tag":[],"class_list":{"0":"post-14462","1":"product","2":"type-product","3":"status-publish","4":"has-post-thumbnail","6":"product_brand-smartfox","7":"product_cat-moto-pecas","8":"product_cat-sem-categoria","9":"product_shipping_class-envionormal","11":"first","12":"instock","13":"shipping-taxable","14":"purchasable","15":"product-type-simple"},"_links":{"self":[{"href":"https:\/\/fullatacados.com.br\/index.php\/wp-json\/wp\/v2\/product\/14462","targetHints":{"allow":["GET"]}}],"collection":[{"href":"https:\/\/fullatacados.com.br\/index.php\/wp-json\/wp\/v2\/product"}],"about":[{"href":"https:\/\/fullatacados.com.br\/index.php\/wp-json\/wp\/v2\/types\/product"}],"replies":[{"embeddable":true,"href":"https:\/\/fullatacados.com.br\/index.php\/wp-json\/wp\/v2\/comments?post=14462"}],"wp:featuredmedia":[{"embeddable":true,"href":"https:\/\/fullatacados.com.br\/index.php\/wp-json\/wp\/v2\/media\/14553"}],"wp:attachment":[{"href":"https:\/\/fullatacados.com.br\/index.php\/wp-json\/wp\/v2\/media?parent=14462"}],"wp:term":[{"taxonomy":"product_brand","embeddable":true,"href":"https:\/\/fullatacados.com.br\/index.php\/wp-json\/wp\/v2\/product_brand?post=14462"},{"taxonomy":"product_cat","embeddable":true,"href":"https:\/\/fullatacados.com.br\/index.php\/wp-json\/wp\/v2\/product_cat?post=14462"},{"taxonomy":"product_tag","embeddable":true,"href":"https:\/\/fullatacados.com.br\/index.php\/wp-json\/wp\/v2\/product_tag?post=14462"}],"curies":[{"name":"wp","href":"https:\/\/api.w.org\/{rel}","templated":true}]}}