{"id":14460,"date":"2025-07-28T17:00:08","date_gmt":"2025-07-28T20:00:08","guid":{"rendered":"https:\/\/fullatacados.com.br\/index.php\/produto\/balanca-traseira-faz150\/"},"modified":"2026-04-01T18:00:09","modified_gmt":"2026-04-01T21:00:09","slug":"balanca-traseira-faz150","status":"publish","type":"product","link":"https:\/\/fullatacados.com.br\/index.php\/produto\/balanca-traseira-faz150\/","title":{"rendered":"BALANCA TRASEIRA FAZ150"},"content":{"rendered":"<div>Balan\u00e7a Traseira Yamaha Fazer 150 (2014 a 2018)<\/div>\n<div>\u2022Aplica\u00e7\u00e3o: Yamaha Fazer 150 (anos 2014, 2015, 2016 at\u00e9 2018) \u2014 compat\u00edvel tamb\u00e9m com Factor 150<\/div>\n<div>\u2022Fun\u00e7\u00e3o: Componente da suspens\u00e3o traseira que conecta o quadro \u00e0 roda, absorve impactos e mant\u00e9m o alinhamento e estabilidade da moto<\/div>\n<div>\u2022Material: Estrutura met\u00e1lica refor\u00e7ada com tratamento anticorrosivo<\/div>\n<div>\u2022Encaixe: Substitui\u00e7\u00e3o padr\u00e3o, compat\u00edvel com o modelo original, n\u00e3o requer adapta\u00e7\u00f5es<\/div>\n<div>\u2022Aplica\u00e7\u00f5es similares: Balan\u00e7a usada tamb\u00e9m na Yamaha Factor 150 a partir de 2016, com c\u00f3digos\/padr\u00f5es compat\u00edveis<\/div>\n","protected":false},"excerpt":{"rendered":"<p>Balan\u00e7a Traseira Yamaha Fazer 150 (2014 a 2018) \u2022Aplica\u00e7\u00e3o: Yamaha Fazer 150 (anos 2014, 2015, 2016 at\u00e9 2018) \u2014 compat\u00edvel tamb\u00e9m com Factor 150 \u2022Fun\u00e7\u00e3o: Componente da suspens\u00e3o traseira que conecta o quadro \u00e0 roda, absorve impactos e mant\u00e9m o alinhamento e estabilidade da moto \u2022Material: Estrutura met\u00e1lica refor\u00e7ada com tratamento anticorrosivo \u2022Encaixe: Substitui\u00e7\u00e3o padr\u00e3o, [&hellip;]<\/p>\n","protected":false},"featured_media":14565,"comment_status":"open","ping_status":"closed","template":"","meta":{"_joinchat":[]},"product_brand":[181],"product_cat":[482,15],"product_tag":[],"class_list":{"0":"post-14460","1":"product","2":"type-product","3":"status-publish","4":"has-post-thumbnail","6":"product_brand-smartfox","7":"product_cat-moto-pecas","8":"product_cat-sem-categoria","9":"product_shipping_class-envionormal","11":"first","12":"instock","13":"shipping-taxable","14":"purchasable","15":"product-type-simple"},"_links":{"self":[{"href":"https:\/\/fullatacados.com.br\/index.php\/wp-json\/wp\/v2\/product\/14460","targetHints":{"allow":["GET"]}}],"collection":[{"href":"https:\/\/fullatacados.com.br\/index.php\/wp-json\/wp\/v2\/product"}],"about":[{"href":"https:\/\/fullatacados.com.br\/index.php\/wp-json\/wp\/v2\/types\/product"}],"replies":[{"embeddable":true,"href":"https:\/\/fullatacados.com.br\/index.php\/wp-json\/wp\/v2\/comments?post=14460"}],"wp:featuredmedia":[{"embeddable":true,"href":"https:\/\/fullatacados.com.br\/index.php\/wp-json\/wp\/v2\/media\/14565"}],"wp:attachment":[{"href":"https:\/\/fullatacados.com.br\/index.php\/wp-json\/wp\/v2\/media?parent=14460"}],"wp:term":[{"taxonomy":"product_brand","embeddable":true,"href":"https:\/\/fullatacados.com.br\/index.php\/wp-json\/wp\/v2\/product_brand?post=14460"},{"taxonomy":"product_cat","embeddable":true,"href":"https:\/\/fullatacados.com.br\/index.php\/wp-json\/wp\/v2\/product_cat?post=14460"},{"taxonomy":"product_tag","embeddable":true,"href":"https:\/\/fullatacados.com.br\/index.php\/wp-json\/wp\/v2\/product_tag?post=14460"}],"curies":[{"name":"wp","href":"https:\/\/api.w.org\/{rel}","templated":true}]}}