{"id":14455,"date":"2025-07-28T16:55:10","date_gmt":"2025-07-28T19:55:10","guid":{"rendered":"https:\/\/fullatacados.com.br\/index.php\/produto\/bagageiro-neo125-16-scam\/"},"modified":"2026-01-27T10:40:08","modified_gmt":"2026-01-27T13:40:08","slug":"bagageiro-neo125-16-scam","status":"publish","type":"product","link":"https:\/\/fullatacados.com.br\/index.php\/produto\/bagageiro-neo125-16-scam\/","title":{"rendered":"BAGAGEIRO NEO125 16\/&#8230; SCAM"},"content":{"rendered":"","protected":false},"excerpt":{"rendered":"<div>Bagageiro (Suporte de Ba\u00fa) Scam para Neo\u202f125 \u2013 Modelo SPTO242<\/div>\n<div>\u2022Aplica\u00e7\u00e3o: Yamaha Neo\u202f125 (a partir de 2016, compat\u00edvel com modelos at\u00e9 2023)<\/div>\n<div>\u2022Material: Tubo de a\u00e7o carbono de 19\u202fmm de di\u00e2metro e base de chapa de a\u00e7o carbono de 3\u202fmm; acabamento em pintura ep\u00f3xi preto fosco, com tratamento anticorros\u00e3o<\/div>\n<div>\u2022Capacidade m\u00e1xima: at\u00e9 10\u202fkg, ideal para instala\u00e7\u00e3o de ba\u00fa monolock ou monokey das principais marcas do mercado<\/div>\n<div>\u2022Fixa\u00e7\u00e3o: Usa os pontos existentes da moto (substitui a al\u00e7a do garupa), inclui parafusos, buchas e manual de montagem<\/div>\n<div>\u2022Peso do suporte: aproximadamente 2,3\u202fkg (ou at\u00e9 2,6\u202fkg conforme vers\u00e3o)<\/div>\n<div>\u2022Vantagens: robustez, encaixe perfeito, compatibilidade com todos os ba\u00fas do mercado e boa durabilidade<\/div>\n","protected":false},"featured_media":14569,"comment_status":"open","ping_status":"closed","template":"","meta":{"_joinchat":[]},"product_brand":[277],"product_cat":[482,15],"product_tag":[],"class_list":{"0":"post-14455","1":"product","2":"type-product","3":"status-publish","4":"has-post-thumbnail","6":"product_brand-scam","7":"product_cat-moto-pecas","8":"product_cat-sem-categoria","9":"product_shipping_class-envionormal","11":"first","12":"outofstock","13":"shipping-taxable","14":"purchasable","15":"product-type-simple"},"_links":{"self":[{"href":"https:\/\/fullatacados.com.br\/index.php\/wp-json\/wp\/v2\/product\/14455","targetHints":{"allow":["GET"]}}],"collection":[{"href":"https:\/\/fullatacados.com.br\/index.php\/wp-json\/wp\/v2\/product"}],"about":[{"href":"https:\/\/fullatacados.com.br\/index.php\/wp-json\/wp\/v2\/types\/product"}],"replies":[{"embeddable":true,"href":"https:\/\/fullatacados.com.br\/index.php\/wp-json\/wp\/v2\/comments?post=14455"}],"wp:featuredmedia":[{"embeddable":true,"href":"https:\/\/fullatacados.com.br\/index.php\/wp-json\/wp\/v2\/media\/14569"}],"wp:attachment":[{"href":"https:\/\/fullatacados.com.br\/index.php\/wp-json\/wp\/v2\/media?parent=14455"}],"wp:term":[{"taxonomy":"product_brand","embeddable":true,"href":"https:\/\/fullatacados.com.br\/index.php\/wp-json\/wp\/v2\/product_brand?post=14455"},{"taxonomy":"product_cat","embeddable":true,"href":"https:\/\/fullatacados.com.br\/index.php\/wp-json\/wp\/v2\/product_cat?post=14455"},{"taxonomy":"product_tag","embeddable":true,"href":"https:\/\/fullatacados.com.br\/index.php\/wp-json\/wp\/v2\/product_tag?post=14455"}],"curies":[{"name":"wp","href":"https:\/\/api.w.org\/{rel}","templated":true}]}}