{"id":14441,"date":"2025-07-28T16:55:08","date_gmt":"2025-07-28T19:55:08","guid":{"rendered":"https:\/\/fullatacados.com.br\/index.php\/produto\/bagageiro-land250-07-18-pto-sansao\/"},"modified":"2025-12-01T13:20:32","modified_gmt":"2025-12-01T16:20:32","slug":"bagageiro-land250-07-18-pto-sansao","status":"publish","type":"product","link":"https:\/\/fullatacados.com.br\/index.php\/produto\/bagageiro-land250-07-18-pto-sansao\/","title":{"rendered":"BAGAGEIRO LAND250 07\/18 PTO SANSAO"},"content":{"rendered":"","protected":false},"excerpt":{"rendered":"<div>Bagageiro Pro Tork Sans\u00e3o \u2013 Lander 250 (2007\u20132018)<\/div>\n<div>\u2022Compat\u00edvel com Yamaha XTZ 250 Lander, anos 2007 a 2018\u00a0 \ufffc \ufffc<\/div>\n<div>\u2022Fabricado em a\u00e7o maci\u00e7o ou tubular refor\u00e7ado, com acabamento em pintura eletrost\u00e1tica preta ou cromada\u00a0 \ufffc \ufffc<\/div>\n<div>\u2022Modelo estilo \u201cSans\u00e3o\u201d ou \u201cchurrasqueira\u201d, ideal para bauletos de at\u00e9 6\u202fkg<\/div>\n<div>\u2022Instala\u00e7\u00e3o simples: fixa\u00e7\u00e3o na al\u00e7a original, sem a necessidade de remover a rabeta ou adaptar o chassi\u00a0 \ufffc \ufffc<\/div>\n<div>\u2022Dimens\u00f5es e peso aproximado: cerca de 4\u202fkg, f\u00e1cil manusear e resistente\u00a0 \ufffc \ufffc<\/div>\n<div>\u2022Garantia: 90 dias (3 meses) contra defeitos de fabrica\u00e7\u00e3o<\/div>\n","protected":false},"featured_media":14589,"comment_status":"open","ping_status":"closed","template":"","meta":{"_joinchat":[]},"product_brand":[],"product_cat":[482,15],"product_tag":[],"class_list":{"0":"post-14441","1":"product","2":"type-product","3":"status-publish","4":"has-post-thumbnail","6":"product_cat-moto-pecas","7":"product_cat-sem-categoria","8":"product_shipping_class-envionormal","10":"first","11":"instock","12":"shipping-taxable","13":"purchasable","14":"product-type-simple"},"_links":{"self":[{"href":"https:\/\/fullatacados.com.br\/index.php\/wp-json\/wp\/v2\/product\/14441","targetHints":{"allow":["GET"]}}],"collection":[{"href":"https:\/\/fullatacados.com.br\/index.php\/wp-json\/wp\/v2\/product"}],"about":[{"href":"https:\/\/fullatacados.com.br\/index.php\/wp-json\/wp\/v2\/types\/product"}],"replies":[{"embeddable":true,"href":"https:\/\/fullatacados.com.br\/index.php\/wp-json\/wp\/v2\/comments?post=14441"}],"wp:featuredmedia":[{"embeddable":true,"href":"https:\/\/fullatacados.com.br\/index.php\/wp-json\/wp\/v2\/media\/14589"}],"wp:attachment":[{"href":"https:\/\/fullatacados.com.br\/index.php\/wp-json\/wp\/v2\/media?parent=14441"}],"wp:term":[{"taxonomy":"product_brand","embeddable":true,"href":"https:\/\/fullatacados.com.br\/index.php\/wp-json\/wp\/v2\/product_brand?post=14441"},{"taxonomy":"product_cat","embeddable":true,"href":"https:\/\/fullatacados.com.br\/index.php\/wp-json\/wp\/v2\/product_cat?post=14441"},{"taxonomy":"product_tag","embeddable":true,"href":"https:\/\/fullatacados.com.br\/index.php\/wp-json\/wp\/v2\/product_tag?post=14441"}],"curies":[{"name":"wp","href":"https:\/\/api.w.org\/{rel}","templated":true}]}}