{"id":14438,"date":"2025-07-28T16:50:11","date_gmt":"2025-07-28T19:50:11","guid":{"rendered":"https:\/\/fullatacados.com.br\/index.php\/produto\/bagageiro-cb500f-cb500r-16-19-scam\/"},"modified":"2025-12-01T13:20:33","modified_gmt":"2025-12-01T16:20:33","slug":"bagageiro-cb500f-cb500r-16-19-scam","status":"publish","type":"product","link":"https:\/\/fullatacados.com.br\/index.php\/produto\/bagageiro-cb500f-cb500r-16-19-scam\/","title":{"rendered":"BAGAGEIRO CB500F\/CB500R 16\/19 SCAM"},"content":{"rendered":"<div>Bagageiro SCAM \u2013 Honda CB500F \/ CB500R (2016\u20132019)<\/div>\n<div>\u2022Compatibilidade: Honda CB500F e CB500R, modelos de 2016 a 2019\u2002 \ufffc \ufffc<\/div>\n<div>\u2022Modelo SCAM: SPTO262, exclusivo para essas vers\u00f5es\u2002 \ufffc<\/div>\n<div>\u2022Material: Chapa de a\u00e7o carbono de 5\u202fmm com pintura ep\u00f3xi preta, tratamento anticorros\u00e3o<\/div>\n<div>\u2022Capacidade: At\u00e9 10\u202fkg, compat\u00edvel com ba\u00fas de marcas como Givi, Awa Proos, entre outras\u2002 \ufffc<\/div>\n<div>\u2022Instala\u00e7\u00e3o: Substitui a al\u00e7a da garupa utilizando pontos de fixa\u00e7\u00e3o originais, sem necessidade de adapta\u00e7\u00f5es ou furos pr\u00e9vios\u2002 \ufffc \ufffc<\/div>\n<div>\u2022Conte\u00fado da embalagem: Suporte + kit de fixa\u00e7\u00e3o (parafusos, buchas, manual de montagem)<\/div>\n<div>\u2022Garantia: 90 dias contra defeitos de fabrica\u00e7\u00e3o<\/div>\n<div>\u2022Peso estimado: Leve (cerca de 2\u202fkg), facilitando o manuseio<\/div>\n","protected":false},"excerpt":{"rendered":"<p>Bagageiro SCAM \u2013 Honda CB500F \/ CB500R (2016\u20132019) \u2022Compatibilidade: Honda CB500F e CB500R, modelos de 2016 a 2019\u2002 \ufffc \ufffc \u2022Modelo SCAM: SPTO262, exclusivo para essas vers\u00f5es\u2002 \ufffc \u2022Material: Chapa de a\u00e7o carbono de 5\u202fmm com pintura ep\u00f3xi preta, tratamento anticorros\u00e3o \u2022Capacidade: At\u00e9 10\u202fkg, compat\u00edvel com ba\u00fas de marcas como Givi, Awa Proos, entre outras\u2002 [&hellip;]<\/p>\n","protected":false},"featured_media":14595,"comment_status":"open","ping_status":"closed","template":"","meta":{"_joinchat":[]},"product_brand":[],"product_cat":[482,15],"product_tag":[],"class_list":{"0":"post-14438","1":"product","2":"type-product","3":"status-publish","4":"has-post-thumbnail","6":"product_cat-moto-pecas","7":"product_cat-sem-categoria","8":"product_shipping_class-envionormal","10":"first","11":"instock","12":"shipping-taxable","13":"purchasable","14":"product-type-simple"},"_links":{"self":[{"href":"https:\/\/fullatacados.com.br\/index.php\/wp-json\/wp\/v2\/product\/14438","targetHints":{"allow":["GET"]}}],"collection":[{"href":"https:\/\/fullatacados.com.br\/index.php\/wp-json\/wp\/v2\/product"}],"about":[{"href":"https:\/\/fullatacados.com.br\/index.php\/wp-json\/wp\/v2\/types\/product"}],"replies":[{"embeddable":true,"href":"https:\/\/fullatacados.com.br\/index.php\/wp-json\/wp\/v2\/comments?post=14438"}],"wp:featuredmedia":[{"embeddable":true,"href":"https:\/\/fullatacados.com.br\/index.php\/wp-json\/wp\/v2\/media\/14595"}],"wp:attachment":[{"href":"https:\/\/fullatacados.com.br\/index.php\/wp-json\/wp\/v2\/media?parent=14438"}],"wp:term":[{"taxonomy":"product_brand","embeddable":true,"href":"https:\/\/fullatacados.com.br\/index.php\/wp-json\/wp\/v2\/product_brand?post=14438"},{"taxonomy":"product_cat","embeddable":true,"href":"https:\/\/fullatacados.com.br\/index.php\/wp-json\/wp\/v2\/product_cat?post=14438"},{"taxonomy":"product_tag","embeddable":true,"href":"https:\/\/fullatacados.com.br\/index.php\/wp-json\/wp\/v2\/product_tag?post=14438"}],"curies":[{"name":"wp","href":"https:\/\/api.w.org\/{rel}","templated":true}]}}