{"id":14429,"date":"2025-07-28T16:50:10","date_gmt":"2025-07-28T19:50:10","guid":{"rendered":"https:\/\/fullatacados.com.br\/index.php\/produto\/arvore-comando-ybr-xtz125-cryp-00-05\/"},"modified":"2025-12-01T13:20:33","modified_gmt":"2025-12-01T16:20:33","slug":"arvore-comando-ybr-xtz125-cryp-00-05","status":"publish","type":"product","link":"https:\/\/fullatacados.com.br\/index.php\/produto\/arvore-comando-ybr-xtz125-cryp-00-05\/","title":{"rendered":"ARVORE COMANDO YBR\/XTZ125\/CRYP 00\/05"},"content":{"rendered":"<p>\u00c1rvore de Comando YBR\/XTZ 125\/Crypton 00\/05<br \/>\nRespons\u00e1vel pelo acionamento das v\u00e1lvulas do motor, garantindo desempenho e sincronismo. Compat\u00edvel com YBR, XTZ 125 e Crypton de 2000 a 2005.<\/p>\n","protected":false},"excerpt":{"rendered":"<p>\u00c1rvore de Comando YBR\/XTZ 125\/Crypton 00\/05 Respons\u00e1vel pelo acionamento das v\u00e1lvulas do motor, garantindo desempenho e sincronismo. Compat\u00edvel com YBR, XTZ 125 e Crypton de 2000 a 2005.<\/p>\n","protected":false},"featured_media":14612,"comment_status":"open","ping_status":"closed","template":"","meta":{"_joinchat":[]},"product_brand":[199],"product_cat":[482,15],"product_tag":[],"class_list":{"0":"post-14429","1":"product","2":"type-product","3":"status-publish","4":"has-post-thumbnail","6":"product_brand-importado","7":"product_cat-moto-pecas","8":"product_cat-sem-categoria","9":"product_shipping_class-envionormal","11":"first","12":"instock","13":"shipping-taxable","14":"purchasable","15":"product-type-simple"},"_links":{"self":[{"href":"https:\/\/fullatacados.com.br\/index.php\/wp-json\/wp\/v2\/product\/14429","targetHints":{"allow":["GET"]}}],"collection":[{"href":"https:\/\/fullatacados.com.br\/index.php\/wp-json\/wp\/v2\/product"}],"about":[{"href":"https:\/\/fullatacados.com.br\/index.php\/wp-json\/wp\/v2\/types\/product"}],"replies":[{"embeddable":true,"href":"https:\/\/fullatacados.com.br\/index.php\/wp-json\/wp\/v2\/comments?post=14429"}],"wp:featuredmedia":[{"embeddable":true,"href":"https:\/\/fullatacados.com.br\/index.php\/wp-json\/wp\/v2\/media\/14612"}],"wp:attachment":[{"href":"https:\/\/fullatacados.com.br\/index.php\/wp-json\/wp\/v2\/media?parent=14429"}],"wp:term":[{"taxonomy":"product_brand","embeddable":true,"href":"https:\/\/fullatacados.com.br\/index.php\/wp-json\/wp\/v2\/product_brand?post=14429"},{"taxonomy":"product_cat","embeddable":true,"href":"https:\/\/fullatacados.com.br\/index.php\/wp-json\/wp\/v2\/product_cat?post=14429"},{"taxonomy":"product_tag","embeddable":true,"href":"https:\/\/fullatacados.com.br\/index.php\/wp-json\/wp\/v2\/product_tag?post=14429"}],"curies":[{"name":"wp","href":"https:\/\/api.w.org\/{rel}","templated":true}]}}