{"id":14413,"date":"2025-07-28T16:40:08","date_gmt":"2025-07-28T19:40:08","guid":{"rendered":"https:\/\/fullatacados.com.br\/index.php\/produto\/alca-traseira-biz125-11-17-par\/"},"modified":"2026-04-29T18:25:09","modified_gmt":"2026-04-29T21:25:09","slug":"alca-traseira-biz125-11-17-par","status":"publish","type":"product","link":"https:\/\/fullatacados.com.br\/index.php\/produto\/alca-traseira-biz125-11-17-par\/","title":{"rendered":"ALCA TRASEIRA BIZ125 11\/17 PAR"},"content":{"rendered":"<p>Al\u00e7a Traseira Biz 125 11\/17 (Par)<br \/>\nPar de al\u00e7as traseiras compat\u00edvel com Honda Biz 125 de 2011 a 2017. Fabricadas em a\u00e7o resistente, oferecem apoio ao garupa e mais seguran\u00e7a na pilotagem. F\u00e1cil instala\u00e7\u00e3o e \u00f3timo acabamento.<\/p>\n","protected":false},"excerpt":{"rendered":"<p>Al\u00e7a Traseira Biz 125 11\/17 (Par) Par de al\u00e7as traseiras compat\u00edvel com Honda Biz 125 de 2011 a 2017. Fabricadas em a\u00e7o resistente, oferecem apoio ao garupa e mais seguran\u00e7a na pilotagem. F\u00e1cil instala\u00e7\u00e3o e \u00f3timo acabamento.<\/p>\n","protected":false},"featured_media":14636,"comment_status":"open","ping_status":"closed","template":"","meta":{"_joinchat":[]},"product_brand":[183],"product_cat":[482,15],"product_tag":[],"class_list":{"0":"post-14413","1":"product","2":"type-product","3":"status-publish","4":"has-post-thumbnail","6":"product_brand-pro-tork","7":"product_cat-moto-pecas","8":"product_cat-sem-categoria","9":"product_shipping_class-envionormal","11":"first","12":"instock","13":"shipping-taxable","14":"purchasable","15":"product-type-simple"},"_links":{"self":[{"href":"https:\/\/fullatacados.com.br\/index.php\/wp-json\/wp\/v2\/product\/14413","targetHints":{"allow":["GET"]}}],"collection":[{"href":"https:\/\/fullatacados.com.br\/index.php\/wp-json\/wp\/v2\/product"}],"about":[{"href":"https:\/\/fullatacados.com.br\/index.php\/wp-json\/wp\/v2\/types\/product"}],"replies":[{"embeddable":true,"href":"https:\/\/fullatacados.com.br\/index.php\/wp-json\/wp\/v2\/comments?post=14413"}],"wp:featuredmedia":[{"embeddable":true,"href":"https:\/\/fullatacados.com.br\/index.php\/wp-json\/wp\/v2\/media\/14636"}],"wp:attachment":[{"href":"https:\/\/fullatacados.com.br\/index.php\/wp-json\/wp\/v2\/media?parent=14413"}],"wp:term":[{"taxonomy":"product_brand","embeddable":true,"href":"https:\/\/fullatacados.com.br\/index.php\/wp-json\/wp\/v2\/product_brand?post=14413"},{"taxonomy":"product_cat","embeddable":true,"href":"https:\/\/fullatacados.com.br\/index.php\/wp-json\/wp\/v2\/product_cat?post=14413"},{"taxonomy":"product_tag","embeddable":true,"href":"https:\/\/fullatacados.com.br\/index.php\/wp-json\/wp\/v2\/product_tag?post=14413"}],"curies":[{"name":"wp","href":"https:\/\/api.w.org\/{rel}","templated":true}]}}