{"id":14191,"date":"2025-07-20T08:45:08","date_gmt":"2025-07-20T11:45:08","guid":{"rendered":"https:\/\/fullatacados.com.br\/index.php\/produto\/bateria-12v-ma18-d-mbtx20u-moura\/"},"modified":"2025-12-01T13:20:44","modified_gmt":"2025-12-01T16:20:44","slug":"bateria-12v-ma18-d-mbtx20u-moura","status":"publish","type":"product","link":"https:\/\/fullatacados.com.br\/index.php\/produto\/bateria-12v-ma18-d-mbtx20u-moura\/","title":{"rendered":"BATERIA 12V MA18-D\/MBTX20U MOURA"},"content":{"rendered":"","protected":false},"excerpt":{"rendered":"<div class=\"flex h-full w-full flex-col\">\n<div class=\"relative flex h-full w-full flex-1 transition-colors z-0\">\n<div class=\"relative flex h-full w-full flex-row\">\n<div class=\"relative flex h-full max-w-full flex-1 flex-col\"><main id=\"main\" class=\"transition-width relative h-full w-full flex-1 overflow-auto\"><\/p>\n<div id=\"thread\" class=\"group\/thread @container\/thread h-full w-full\">\n<div class=\"composer-parent flex h-full flex-col focus-visible:outline-0 overflow-hidden\" role=\"presentation\">\n<div class=\"flex basis-auto flex-col -mb-(--composer-overlap-px) [--composer-overlap-px:55px] grow overflow-hidden\">\n<div class=\"relative h-full\">\n<div class=\"flex h-full flex-col overflow-y-auto [scrollbar-gutter:stable_both-edges] @[84rem]\/thread:pt-(--header-height)\">\n<div class=\"@thread-xl\/thread:pt-header-height flex flex-col text-sm pb-25\">\n<article class=\"text-token-text-primary w-full focus:outline-none scroll-mt-[calc(var(--header-height)+min(200px,max(70px,20svh)))]\" dir=\"auto\" tabindex=\"-1\" data-testid=\"conversation-turn-2\" data-scroll-anchor=\"true\" data-turn=\"assistant\">\n<div class=\"text-base my-auto mx-auto pb-10 [--thread-content-margin:--spacing(4)] @[37rem]:[--thread-content-margin:--spacing(6)] @[72rem]:[--thread-content-margin:--spacing(16)] px-(--thread-content-margin)\">\n<div class=\"[--thread-content-max-width:32rem] @[34rem]:[--thread-content-max-width:40rem] @[64rem]:[--thread-content-max-width:48rem] mx-auto max-w-(--thread-content-max-width) flex-1 group\/turn-messages focus-visible:outline-hidden relative flex w-full min-w-0 flex-col agent-turn\" tabindex=\"-1\">\n<div class=\"flex max-w-full flex-col grow\">\n<div class=\"min-h-8 text-message relative flex w-full flex-col items-end gap-2 text-start break-words whitespace-normal [.text-message+&amp;]:mt-5\" dir=\"auto\" data-message-author-role=\"assistant\" data-message-id=\"6e8bd926-43d1-4014-b1d9-48cd544904ab\" data-message-model-slug=\"gpt-4o\">\n<div class=\"flex w-full flex-col gap-1 empty:hidden first:pt-[3px]\">\n<div class=\"markdown prose dark:prose-invert w-full break-words dark\">\n<h2 data-start=\"44\" data-end=\"75\">Especifica\u00e7\u00f5es t\u00e9cnicas<\/h2>\n<ul data-start=\"76\" data-end=\"565\">\n<li data-start=\"76\" data-end=\"117\">\n<p data-start=\"78\" data-end=\"117\"><span class=\"relative -mx-px my-[-0.2rem] rounded px-px py-[0.2rem] transition-colors duration-100 ease-in-out\"><strong data-start=\"0\" data-end=\"21\" data-is-only-node=\"\">Capacidade (C10):<\/strong> 18\u202fAh<\/span><\/p>\n<\/li>\n<li data-start=\"118\" data-end=\"159\">\n<p data-start=\"120\" data-end=\"159\"><span class=\"relative -mx-px my-[-0.2rem] rounded px-px py-[0.2rem] transition-colors duration-100 ease-in-out\"><strong data-start=\"0\" data-end=\"19\" data-is-only-node=\"\">Tens\u00e3o nominal:<\/strong> 12\u202fVolts<\/span><\/p>\n<\/li>\n<li data-start=\"160\" data-end=\"239\">\n<p data-start=\"162\" data-end=\"239\"><span class=\"relative -mx-px my-[-0.2rem] rounded px-px py-[0.2rem] transition-colors duration-100 ease-in-out\"><strong data-start=\"0\" data-end=\"44\" data-is-only-node=\"\">Corrente de partida (CCA ABNT a \u221210\u202f\u00b0C):<\/strong> entre <em data-start=\"51\" data-end=\"58\">150\u202fA<\/em> e <em data-start=\"61\" data-end=\"68\">180\u202fA<\/em> dependendo da fonte<\/span><\/p>\n<\/li>\n<li data-start=\"240\" data-end=\"319\">\n<p data-start=\"242\" data-end=\"319\"><span class=\"relative -mx-px my-[-0.2rem] rounded px-px py-[0.2rem] transition-colors duration-100 ease-in-out\"><strong data-start=\"0\" data-end=\"14\" data-is-only-node=\"\">Dimens\u00f5es:<\/strong> aproximadamente 175\u202f\u00d7\u202f87\u202f\u00d7\u202f154\u2013155\u202fmm (Cm \u00d7 L \u00d7 A)<\/span> <span class=\"relative -mx-px my-[-0.2rem] rounded px-px py-[0.2rem] transition-colors duration-100 ease-in-out\"><strong data-start=\"0\" data-end=\"9\" data-is-only-node=\"\">Peso:<\/strong> entre <em data-start=\"16\" data-end=\"24\">4,7\u202fkg<\/em> a <em data-start=\"27\" data-end=\"35\">6,8\u202fkg<\/em> (varia conforme o vendedor)<\/span><\/p>\n<\/li>\n<li data-start=\"400\" data-end=\"481\">\n<p data-start=\"402\" data-end=\"481\"><span class=\"relative -mx-px my-[-0.2rem] rounded px-px py-[0.2rem] transition-colors duration-100 ease-in-out\"><strong data-start=\"0\" data-end=\"15\" data-is-only-node=\"\">Polaridade:<\/strong> polo positivo \u00e0 direita (direita)<\/span> <span class=\"relative -mx-px my-[-0.2rem] rounded px-px py-[0.2rem] transition-colors duration-100 ease-in-out\"><strong data-start=\"0\" data-end=\"12\" data-is-only-node=\"\">Fixa\u00e7\u00e3o:<\/strong> parafuso de 6\u202f\u00d7\u202f13\u202fmm, porca de 6\u202fmm plana<\/span><\/p>\n<\/li>\n<\/ul>\n<hr data-start=\"940\" data-end=\"943\" \/>\n<h2 data-start=\"945\" data-end=\"972\">\ud83c\udfcd\ufe0f Aplica\u00e7\u00f5es t\u00edpicas<\/h2>\n<p data-start=\"973\" data-end=\"1014\"><span class=\"relative -mx-px my-[-0.2rem] rounded px-px py-[0.2rem] transition-colors duration-100 ease-in-out\">Compat\u00edvel com motocicletas e ve\u00edculos de alta cilindrada, jet-skis e quadriciclos de 50\u202fcc at\u00e9 2300\u202fcc. Entre os modelos suportados:<\/span><\/p>\n<ul data-start=\"1015\" data-end=\"1230\">\n<li data-start=\"1015\" data-end=\"1058\">\n<p data-start=\"1017\" data-end=\"1058\"><span class=\"relative -mx-px my-[-0.2rem] rounded px-px py-[0.2rem] transition-colors duration-100 ease-in-out\"><strong data-start=\"0\" data-end=\"20\" data-is-only-node=\"\">Harley\u2011Davidson:<\/strong> Fat Boy Special 1600, Dyna, XL Sportster&#8230;<\/span><\/p>\n<\/li>\n<li data-start=\"1059\" data-end=\"1102\">\n<p data-start=\"1061\" data-end=\"1102\"><span class=\"relative -mx-px my-[-0.2rem] rounded px-px py-[0.2rem] transition-colors duration-100 ease-in-out\"><strong data-start=\"0\" data-end=\"10\" data-is-only-node=\"\">Honda:<\/strong> GL\u00a01800 Gold Wing, VTX\u00a01800 C<\/span><\/p>\n<\/li>\n<li data-start=\"1103\" data-end=\"1146\">\n<p data-start=\"1105\" data-end=\"1146\"><span class=\"relative -mx-px my-[-0.2rem] rounded px-px py-[0.2rem] transition-colors duration-100 ease-in-out\"><strong data-start=\"0\" data-end=\"12\" data-is-only-node=\"\">Triumph:<\/strong> Rocket III, Tiger Explorer, Thunderbird<\/span><\/p>\n<\/li>\n<li data-start=\"1147\" data-end=\"1230\">\n<p data-start=\"1149\" data-end=\"1230\"><span class=\"relative -mx-px my-[-0.2rem] rounded px-px py-[0.2rem] transition-colors duration-100 ease-in-out\">Tamb\u00e9m se aplica a jet\u2011ski Honda e Kawasaki, al\u00e9m de outros ve\u00edculos n\u00e1uticos e UTVs<\/span><\/p>\n<\/li>\n<\/ul>\n<hr data-start=\"1232\" data-end=\"1235\" \/>\n<h2 data-start=\"1237\" data-end=\"1258\">\ud83d\udccb Tabela resumida<\/h2>\n<div class=\"_tableContainer_80l1q_1\">\n<div class=\"_tableWrapper_80l1q_14 group flex w-fit flex-col-reverse\" tabindex=\"-1\">\n<table class=\"w-fit min-w-(--thread-content-width)\" data-start=\"1260\" data-end=\"1992\">\n<thead data-start=\"1260\" data-end=\"1319\">\n<tr data-start=\"1260\" data-end=\"1319\">\n<th data-start=\"1260\" data-end=\"1286\" data-col-size=\"sm\">Caracter\u00edstica<\/th>\n<th data-start=\"1286\" data-end=\"1319\" data-col-size=\"md\">Valor<\/th>\n<\/tr>\n<\/thead>\n<tbody data-start=\"1380\" data-end=\"1992\">\n<tr data-start=\"1380\" data-end=\"1439\">\n<td data-start=\"1380\" data-end=\"1406\" data-col-size=\"sm\">Tens\u00e3o nominal<\/td>\n<td data-start=\"1406\" data-end=\"1439\" data-col-size=\"md\">12\u202fV<\/td>\n<\/tr>\n<tr data-start=\"1440\" data-end=\"1499\">\n<td data-start=\"1440\" data-end=\"1466\" data-col-size=\"sm\">Capacidade (C10)<\/td>\n<td data-col-size=\"md\" data-start=\"1466\" data-end=\"1499\">18\u202fAh<\/td>\n<\/tr>\n<tr data-start=\"1500\" data-end=\"1559\">\n<td data-start=\"1500\" data-end=\"1526\" data-col-size=\"sm\">CCA (\u221210\u202f\u00b0C)<\/td>\n<td data-col-size=\"md\" data-start=\"1526\" data-end=\"1559\">150\u202fA a 180\u202fA<\/td>\n<\/tr>\n<tr data-start=\"1560\" data-end=\"1619\">\n<td data-start=\"1560\" data-end=\"1586\" data-col-size=\"sm\">Dimens\u00f5es (CxLxA)<\/td>\n<td data-col-size=\"md\" data-start=\"1586\" data-end=\"1619\">~175\u202f\u00d7\u202f87\u202f\u00d7\u202f154\u2013155\u202fmm<\/td>\n<\/tr>\n<tr data-start=\"1620\" data-end=\"1679\">\n<td data-start=\"1620\" data-end=\"1646\" data-col-size=\"sm\">Peso<\/td>\n<td data-col-size=\"md\" data-start=\"1646\" data-end=\"1679\">~4,7\u202fkg a 6,8\u202fkg<\/td>\n<\/tr>\n<tr data-start=\"1680\" data-end=\"1739\">\n<td data-start=\"1680\" data-end=\"1706\" data-col-size=\"sm\">Polaridade<\/td>\n<td data-col-size=\"md\" data-start=\"1706\" data-end=\"1739\">Positivo \u00e0 direita<\/td>\n<\/tr>\n<tr data-start=\"1740\" data-end=\"1799\">\n<td data-start=\"1740\" data-end=\"1766\" data-col-size=\"sm\">Fixa\u00e7\u00e3o<\/td>\n<td data-start=\"1766\" data-end=\"1799\" data-col-size=\"md\">Parafuso 6\u202f\u00d7\u202f13\u202fmm, porca 6\u202fmm<\/td>\n<\/tr>\n<tr data-start=\"1800\" data-end=\"1859\">\n<td data-start=\"1800\" data-end=\"1826\" data-col-size=\"sm\">Tipo<\/td>\n<td data-start=\"1826\" data-end=\"1859\" data-col-size=\"md\">AGM \/ VRLA (selada)<\/td>\n<\/tr>\n<tr data-start=\"1860\" data-end=\"1920\">\n<td data-start=\"1860\" data-end=\"1886\" data-col-size=\"sm\">Garantia<\/td>\n<td data-col-size=\"md\" data-start=\"1886\" data-end=\"1920\">6 a 18 meses (segundo vendedor)<\/td>\n<\/tr>\n<tr data-start=\"1921\" data-end=\"1992\">\n<td data-start=\"1921\" data-end=\"1947\" data-col-size=\"sm\">Aplica\u00e7\u00f5es t\u00edpicas<\/td>\n<td data-col-size=\"md\" data-start=\"1947\" data-end=\"1992\">Motos, Harley, Jet\u2011ski, quadriciclo, etc.<\/td>\n<\/tr>\n<\/tbody>\n<\/table>\n<div class=\"sticky end-(--thread-content-margin) h-0 self-end select-none\">\n<div class=\"absolute end-0 flex items-end\"><\/div>\n<\/div>\n<\/div>\n<\/div>\n<p data-start=\"1999\" data-end=\"2117\">\n<\/div>\n<\/div>\n<\/div>\n<\/div>\n<\/div>\n<\/div>\n<\/article>\n<\/div>\n<\/div>\n<\/div>\n<\/div>\n<\/div>\n<\/div>\n<p><\/main><\/div>\n<\/div>\n<\/div>\n<\/div>\n","protected":false},"featured_media":14331,"comment_status":"open","ping_status":"closed","template":"","meta":{"_joinchat":[]},"product_brand":[271],"product_cat":[482,15],"product_tag":[],"class_list":{"0":"post-14191","1":"product","2":"type-product","3":"status-publish","4":"has-post-thumbnail","6":"product_brand-motobatt","7":"product_cat-moto-pecas","8":"product_cat-sem-categoria","9":"product_shipping_class-envionormal","11":"first","12":"instock","13":"shipping-taxable","14":"purchasable","15":"product-type-simple"},"_links":{"self":[{"href":"https:\/\/fullatacados.com.br\/index.php\/wp-json\/wp\/v2\/product\/14191","targetHints":{"allow":["GET"]}}],"collection":[{"href":"https:\/\/fullatacados.com.br\/index.php\/wp-json\/wp\/v2\/product"}],"about":[{"href":"https:\/\/fullatacados.com.br\/index.php\/wp-json\/wp\/v2\/types\/product"}],"replies":[{"embeddable":true,"href":"https:\/\/fullatacados.com.br\/index.php\/wp-json\/wp\/v2\/comments?post=14191"}],"wp:featuredmedia":[{"embeddable":true,"href":"https:\/\/fullatacados.com.br\/index.php\/wp-json\/wp\/v2\/media\/14331"}],"wp:attachment":[{"href":"https:\/\/fullatacados.com.br\/index.php\/wp-json\/wp\/v2\/media?parent=14191"}],"wp:term":[{"taxonomy":"product_brand","embeddable":true,"href":"https:\/\/fullatacados.com.br\/index.php\/wp-json\/wp\/v2\/product_brand?post=14191"},{"taxonomy":"product_cat","embeddable":true,"href":"https:\/\/fullatacados.com.br\/index.php\/wp-json\/wp\/v2\/product_cat?post=14191"},{"taxonomy":"product_tag","embeddable":true,"href":"https:\/\/fullatacados.com.br\/index.php\/wp-json\/wp\/v2\/product_tag?post=14191"}],"curies":[{"name":"wp","href":"https:\/\/api.w.org\/{rel}","templated":true}]}}