{"id":14182,"date":"2025-07-20T08:40:09","date_gmt":"2025-07-20T11:40:09","guid":{"rendered":"https:\/\/fullatacados.com.br\/index.php\/produto\/bateria-12v-motobatt-mtz5br\/"},"modified":"2026-04-28T14:20:09","modified_gmt":"2026-04-28T17:20:09","slug":"bateria-12v-motobatt-mtz5br","status":"publish","type":"product","link":"https:\/\/fullatacados.com.br\/index.php\/produto\/bateria-12v-motobatt-mtz5br\/","title":{"rendered":"BATERIA 12V MOTOBATT MTZ5BR"},"content":{"rendered":"<ul data-start=\"1825\" data-end=\"2566\">\n<li data-start=\"1825\" data-end=\"1998\">\n<p data-start=\"1827\" data-end=\"1998\"><strong data-start=\"1827\" data-end=\"1855\">Resist\u00eancia a Vibra\u00e7\u00f5es:<\/strong> A <strong data-start=\"1858\" data-end=\"1867\">MTX7L<\/strong> \u00e9 ideal para ve\u00edculos que enfrentam terrenos acidentados, pois a tecnologia <strong data-start=\"1944\" data-end=\"1951\">AGM<\/strong> proporciona resist\u00eancia a choques e vibra\u00e7\u00f5es.<\/p>\n<\/li>\n<li data-start=\"1999\" data-end=\"2174\">\n<p data-start=\"2001\" data-end=\"2174\"><strong data-start=\"2001\" data-end=\"2023\">Manuten\u00e7\u00e3o m\u00ednima:<\/strong> A bateria \u00e9 <strong data-start=\"2036\" data-end=\"2046\">selada<\/strong>, o que significa que voc\u00ea n\u00e3o precisa se preocupar com o n\u00edvel de \u00e1cido ou manuten\u00e7\u00e3o constante, tornando-a muito mais pr\u00e1tica.<\/p>\n<\/li>\n<li data-start=\"2175\" data-end=\"2319\">\n<p data-start=\"2177\" data-end=\"2319\"><strong data-start=\"2177\" data-end=\"2211\">Boa Corrente de Partida (CCA):<\/strong> A bateria oferece uma boa capacidade de arranque, mesmo em climas mais frios, devido ao seu <strong data-start=\"2304\" data-end=\"2318\">CCA de 85A<\/strong>.<\/p>\n<\/li>\n<li data-start=\"2320\" data-end=\"2471\">\n<p data-start=\"2322\" data-end=\"2471\"><strong data-start=\"2322\" data-end=\"2345\">Maior Durabilidade:<\/strong> A constru\u00e7\u00e3o selada e a tecnologia AGM proporcionam uma vida \u00fatil prolongada, mesmo em ciclos frequentes de carga e descarga.<\/p>\n<\/li>\n<li data-start=\"2472\" data-end=\"2566\">\n<p data-start=\"2474\" data-end=\"2566\"><strong data-start=\"2474\" data-end=\"2497\">Seguro e confi\u00e1vel:<\/strong> N\u00e3o h\u00e1 risco de vazamentos, o que aumenta a seguran\u00e7a durante o uso.<\/p>\n<\/li>\n<\/ul>\n","protected":false},"excerpt":{"rendered":"<p data-start=\"1251\" data-end=\"1416\">A <strong data-start=\"1253\" data-end=\"1262\">MTX7L<\/strong> \u00e9 indicada para motos de <strong data-start=\"1288\" data-end=\"1316\">baixa e m\u00e9dia cilindrada<\/strong>, al\u00e9m de outros ve\u00edculos de duas rodas. Alguns exemplos de motos que utilizam essa bateria incluem:<\/p>\n<ul data-start=\"1418\" data-end=\"1629\">\n<li data-start=\"1418\" data-end=\"1469\">\n<p data-start=\"1420\" data-end=\"1469\"><strong data-start=\"1420\" data-end=\"1430\">Honda:<\/strong> CG 150, Biz 125, XR 150, entre outras.<\/p>\n<\/li>\n<li data-start=\"1470\" data-end=\"1526\">\n<p data-start=\"1472\" data-end=\"1526\"><strong data-start=\"1472\" data-end=\"1483\">Yamaha:<\/strong> YBR 125, Factor 125, XT 225, entre outras.<\/p>\n<\/li>\n<li data-start=\"1527\" data-end=\"1579\">\n<p data-start=\"1529\" data-end=\"1579\"><strong data-start=\"1529\" data-end=\"1540\">Suzuki:<\/strong> Hayate 125, Burgman 125, entre outras.<\/p>\n<\/li>\n<li data-start=\"1580\" data-end=\"1629\">\n<p data-start=\"1582\" data-end=\"1629\"><strong data-start=\"1582\" data-end=\"1595\">Kawasaki:<\/strong> KLX 150, Ninja 150, entre outras.<\/p>\n<\/li>\n<\/ul>\n","protected":false},"featured_media":14340,"comment_status":"open","ping_status":"closed","template":"","meta":{"_joinchat":[]},"product_brand":[271],"product_cat":[482,15],"product_tag":[],"class_list":{"0":"post-14182","1":"product","2":"type-product","3":"status-publish","4":"has-post-thumbnail","6":"product_brand-motobatt","7":"product_cat-moto-pecas","8":"product_cat-sem-categoria","9":"product_shipping_class-envionormal","11":"first","12":"instock","13":"shipping-taxable","14":"purchasable","15":"product-type-simple"},"_links":{"self":[{"href":"https:\/\/fullatacados.com.br\/index.php\/wp-json\/wp\/v2\/product\/14182","targetHints":{"allow":["GET"]}}],"collection":[{"href":"https:\/\/fullatacados.com.br\/index.php\/wp-json\/wp\/v2\/product"}],"about":[{"href":"https:\/\/fullatacados.com.br\/index.php\/wp-json\/wp\/v2\/types\/product"}],"replies":[{"embeddable":true,"href":"https:\/\/fullatacados.com.br\/index.php\/wp-json\/wp\/v2\/comments?post=14182"}],"wp:featuredmedia":[{"embeddable":true,"href":"https:\/\/fullatacados.com.br\/index.php\/wp-json\/wp\/v2\/media\/14340"}],"wp:attachment":[{"href":"https:\/\/fullatacados.com.br\/index.php\/wp-json\/wp\/v2\/media?parent=14182"}],"wp:term":[{"taxonomy":"product_brand","embeddable":true,"href":"https:\/\/fullatacados.com.br\/index.php\/wp-json\/wp\/v2\/product_brand?post=14182"},{"taxonomy":"product_cat","embeddable":true,"href":"https:\/\/fullatacados.com.br\/index.php\/wp-json\/wp\/v2\/product_cat?post=14182"},{"taxonomy":"product_tag","embeddable":true,"href":"https:\/\/fullatacados.com.br\/index.php\/wp-json\/wp\/v2\/product_tag?post=14182"}],"curies":[{"name":"wp","href":"https:\/\/api.w.org\/{rel}","templated":true}]}}