{"id":14148,"date":"2025-07-20T08:30:09","date_gmt":"2025-07-20T11:30:09","guid":{"rendered":"https:\/\/fullatacados.com.br\/index.php\/produto\/bagageiro-yamaha-fz15-2023-scam\/"},"modified":"2025-12-01T13:20:50","modified_gmt":"2025-12-01T16:20:50","slug":"bagageiro-yamaha-fz15-2023-scam","status":"publish","type":"product","link":"https:\/\/fullatacados.com.br\/index.php\/produto\/bagageiro-yamaha-fz15-2023-scam\/","title":{"rendered":"BAGAGEIRO YAMAHA FZ15 2023 SCAM"},"content":{"rendered":"<p>Bagageiro Yamaha FZ15 2023 \u2013 SCAM<br \/>\nSuporte traseiro para ba\u00fa com capacidade at\u00e9 8 kg, fabricado em pol\u00edmero refor\u00e7ado com fibra. Design moderno, f\u00e1cil instala\u00e7\u00e3o nos pontos originais da moto e acabamento preto fosco com textura esportiva. Ideal para transporte seguro e estiloso.<\/p>\n","protected":false},"excerpt":{"rendered":"<p>Bagageiro Yamaha FZ15 2023 \u2013 SCAM Suporte traseiro para ba\u00fa com capacidade at\u00e9 8 kg, fabricado em pol\u00edmero refor\u00e7ado com fibra. Design moderno, f\u00e1cil instala\u00e7\u00e3o nos pontos originais da moto e acabamento preto fosco com textura esportiva. Ideal para transporte seguro e estiloso.<\/p>\n","protected":false},"featured_media":14648,"comment_status":"open","ping_status":"closed","template":"","meta":{"_joinchat":[]},"product_brand":[277],"product_cat":[482,15],"product_tag":[],"class_list":{"0":"post-14148","1":"product","2":"type-product","3":"status-publish","4":"has-post-thumbnail","6":"product_brand-scam","7":"product_cat-moto-pecas","8":"product_cat-sem-categoria","9":"product_shipping_class-envionormal","11":"first","12":"instock","13":"shipping-taxable","14":"purchasable","15":"product-type-simple"},"_links":{"self":[{"href":"https:\/\/fullatacados.com.br\/index.php\/wp-json\/wp\/v2\/product\/14148","targetHints":{"allow":["GET"]}}],"collection":[{"href":"https:\/\/fullatacados.com.br\/index.php\/wp-json\/wp\/v2\/product"}],"about":[{"href":"https:\/\/fullatacados.com.br\/index.php\/wp-json\/wp\/v2\/types\/product"}],"replies":[{"embeddable":true,"href":"https:\/\/fullatacados.com.br\/index.php\/wp-json\/wp\/v2\/comments?post=14148"}],"wp:featuredmedia":[{"embeddable":true,"href":"https:\/\/fullatacados.com.br\/index.php\/wp-json\/wp\/v2\/media\/14648"}],"wp:attachment":[{"href":"https:\/\/fullatacados.com.br\/index.php\/wp-json\/wp\/v2\/media?parent=14148"}],"wp:term":[{"taxonomy":"product_brand","embeddable":true,"href":"https:\/\/fullatacados.com.br\/index.php\/wp-json\/wp\/v2\/product_brand?post=14148"},{"taxonomy":"product_cat","embeddable":true,"href":"https:\/\/fullatacados.com.br\/index.php\/wp-json\/wp\/v2\/product_cat?post=14148"},{"taxonomy":"product_tag","embeddable":true,"href":"https:\/\/fullatacados.com.br\/index.php\/wp-json\/wp\/v2\/product_tag?post=14148"}],"curies":[{"name":"wp","href":"https:\/\/api.w.org\/{rel}","templated":true}]}}