{"id":14142,"date":"2025-07-20T08:30:09","date_gmt":"2025-07-20T11:30:09","guid":{"rendered":"https:\/\/fullatacados.com.br\/index.php\/produto\/arvore-comando-tit125-92-99-danidrea\/"},"modified":"2025-12-01T13:20:49","modified_gmt":"2025-12-01T16:20:49","slug":"arvore-comando-tit125-92-99-danidrea","status":"publish","type":"product","link":"https:\/\/fullatacados.com.br\/index.php\/produto\/arvore-comando-tit125-92-99-danidrea\/","title":{"rendered":"ARVORE COMANDO TIT125 92\/99 DANIDREA"},"content":{"rendered":"<p>\u00c1rvore de Comando Danidrea para Titan 125 (92-99)<br \/>\nPe\u00e7a de reposi\u00e7\u00e3o original para Honda Titan 125 (1992 a 1999) e XLR 125 at\u00e9 2000. Fabricada com qualidade, oferece durabilidade e desempenho confi\u00e1vel para o motor. Ideal para manuten\u00e7\u00e3o e reparos.<\/p>\n","protected":false},"excerpt":{"rendered":"<p>\u00c1rvore de Comando Danidrea para Titan 125 (92-99) Pe\u00e7a de reposi\u00e7\u00e3o original para Honda Titan 125 (1992 a 1999) e XLR 125 at\u00e9 2000. Fabricada com qualidade, oferece durabilidade e desempenho confi\u00e1vel para o motor. Ideal para manuten\u00e7\u00e3o e reparos.<\/p>\n","protected":false},"featured_media":14657,"comment_status":"open","ping_status":"closed","template":"","meta":{"_joinchat":[]},"product_brand":[],"product_cat":[482,15],"product_tag":[],"class_list":{"0":"post-14142","1":"product","2":"type-product","3":"status-publish","4":"has-post-thumbnail","6":"product_cat-moto-pecas","7":"product_cat-sem-categoria","8":"product_shipping_class-envionormal","10":"first","11":"instock","12":"shipping-taxable","13":"purchasable","14":"product-type-simple"},"_links":{"self":[{"href":"https:\/\/fullatacados.com.br\/index.php\/wp-json\/wp\/v2\/product\/14142","targetHints":{"allow":["GET"]}}],"collection":[{"href":"https:\/\/fullatacados.com.br\/index.php\/wp-json\/wp\/v2\/product"}],"about":[{"href":"https:\/\/fullatacados.com.br\/index.php\/wp-json\/wp\/v2\/types\/product"}],"replies":[{"embeddable":true,"href":"https:\/\/fullatacados.com.br\/index.php\/wp-json\/wp\/v2\/comments?post=14142"}],"wp:featuredmedia":[{"embeddable":true,"href":"https:\/\/fullatacados.com.br\/index.php\/wp-json\/wp\/v2\/media\/14657"}],"wp:attachment":[{"href":"https:\/\/fullatacados.com.br\/index.php\/wp-json\/wp\/v2\/media?parent=14142"}],"wp:term":[{"taxonomy":"product_brand","embeddable":true,"href":"https:\/\/fullatacados.com.br\/index.php\/wp-json\/wp\/v2\/product_brand?post=14142"},{"taxonomy":"product_cat","embeddable":true,"href":"https:\/\/fullatacados.com.br\/index.php\/wp-json\/wp\/v2\/product_cat?post=14142"},{"taxonomy":"product_tag","embeddable":true,"href":"https:\/\/fullatacados.com.br\/index.php\/wp-json\/wp\/v2\/product_tag?post=14142"}],"curies":[{"name":"wp","href":"https:\/\/api.w.org\/{rel}","templated":true}]}}