{"id":14130,"date":"2025-07-20T08:25:09","date_gmt":"2025-07-20T11:25:09","guid":{"rendered":"https:\/\/fullatacados.com.br\/index.php\/produto\/arvore-comando-biz125-11-16\/"},"modified":"2026-02-10T14:25:10","modified_gmt":"2026-02-10T17:25:10","slug":"arvore-comando-biz125-11-16","status":"publish","type":"product","link":"https:\/\/fullatacados.com.br\/index.php\/produto\/arvore-comando-biz125-11-16\/","title":{"rendered":"ARVORE COMANDO BIZ125 11\/21"},"content":{"rendered":"<p>\u00c1rvore de Comando Biz125 (2011-2016)<br \/>\nPe\u00e7a essencial para o sincronismo das v\u00e1lvulas do motor Honda Biz 125 (2011\u20132016). Fabricada em a\u00e7o tratado, garante resist\u00eancia, durabilidade e desempenho confi\u00e1vel do motor. Ideal para manuten\u00e7\u00e3o e substitui\u00e7\u00e3o.<\/p>\n","protected":false},"excerpt":{"rendered":"<p>\u00c1rvore de Comando Biz125 (2011-2016) Pe\u00e7a essencial para o sincronismo das v\u00e1lvulas do motor Honda Biz 125 (2011\u20132016). Fabricada em a\u00e7o tratado, garante resist\u00eancia, durabilidade e desempenho confi\u00e1vel do motor. Ideal para manuten\u00e7\u00e3o e substitui\u00e7\u00e3o.<\/p>\n","protected":false},"featured_media":14674,"comment_status":"open","ping_status":"closed","template":"","meta":{"_joinchat":[]},"product_brand":[199],"product_cat":[482,15],"product_tag":[],"class_list":{"0":"post-14130","1":"product","2":"type-product","3":"status-publish","4":"has-post-thumbnail","6":"product_brand-importado","7":"product_cat-moto-pecas","8":"product_cat-sem-categoria","9":"product_shipping_class-envionormal","11":"first","12":"instock","13":"shipping-taxable","14":"purchasable","15":"product-type-simple"},"_links":{"self":[{"href":"https:\/\/fullatacados.com.br\/index.php\/wp-json\/wp\/v2\/product\/14130","targetHints":{"allow":["GET"]}}],"collection":[{"href":"https:\/\/fullatacados.com.br\/index.php\/wp-json\/wp\/v2\/product"}],"about":[{"href":"https:\/\/fullatacados.com.br\/index.php\/wp-json\/wp\/v2\/types\/product"}],"replies":[{"embeddable":true,"href":"https:\/\/fullatacados.com.br\/index.php\/wp-json\/wp\/v2\/comments?post=14130"}],"wp:featuredmedia":[{"embeddable":true,"href":"https:\/\/fullatacados.com.br\/index.php\/wp-json\/wp\/v2\/media\/14674"}],"wp:attachment":[{"href":"https:\/\/fullatacados.com.br\/index.php\/wp-json\/wp\/v2\/media?parent=14130"}],"wp:term":[{"taxonomy":"product_brand","embeddable":true,"href":"https:\/\/fullatacados.com.br\/index.php\/wp-json\/wp\/v2\/product_brand?post=14130"},{"taxonomy":"product_cat","embeddable":true,"href":"https:\/\/fullatacados.com.br\/index.php\/wp-json\/wp\/v2\/product_cat?post=14130"},{"taxonomy":"product_tag","embeddable":true,"href":"https:\/\/fullatacados.com.br\/index.php\/wp-json\/wp\/v2\/product_tag?post=14130"}],"curies":[{"name":"wp","href":"https:\/\/api.w.org\/{rel}","templated":true}]}}