{"id":14084,"date":"2025-07-15T17:00:09","date_gmt":"2025-07-15T20:00:09","guid":{"rendered":"https:\/\/fullatacados.com.br\/index.php\/produto\/rabeta-fan125-09-13-preto\/"},"modified":"2026-04-30T13:50:06","modified_gmt":"2026-04-30T16:50:06","slug":"rabeta-fan125-09-13-preto","status":"publish","type":"product","link":"https:\/\/fullatacados.com.br\/index.php\/produto\/rabeta-fan125-09-13-preto\/","title":{"rendered":"RABETA FAN125 09\/13 PRETO"},"content":{"rendered":"<p>Rabeta Fan125 2009\/2013 Preto<br \/>\nPe\u00e7a traseira original para Honda Fan 125 modelos 2009 a 2013. Fabricada em pl\u00e1stico resistente, garante prote\u00e7\u00e3o e acabamento perfeito para a moto. F\u00e1cil instala\u00e7\u00e3o com encaixe nos pontos originais. Ideal para reposi\u00e7\u00e3o ou restaura\u00e7\u00e3o do visual.<!--more--><\/p>\n","protected":false},"excerpt":{"rendered":"<p>Rabeta Fan125 2009\/2013 Preto Pe\u00e7a traseira original para Honda Fan 125 modelos 2009 a 2013. Fabricada em pl\u00e1stico resistente, garante prote\u00e7\u00e3o e acabamento perfeito para a moto. F\u00e1cil instala\u00e7\u00e3o com encaixe nos pontos originais. Ideal para reposi\u00e7\u00e3o ou restaura\u00e7\u00e3o do visual.<\/p>\n","protected":false},"featured_media":14713,"comment_status":"open","ping_status":"closed","template":"","meta":{"_joinchat":[]},"product_brand":[184],"product_cat":[482,15],"product_tag":[],"class_list":{"0":"post-14084","1":"product","2":"type-product","3":"status-publish","4":"has-post-thumbnail","6":"product_brand-tork","7":"product_cat-moto-pecas","8":"product_cat-sem-categoria","9":"product_shipping_class-envionormal","11":"first","12":"instock","13":"shipping-taxable","14":"purchasable","15":"product-type-simple"},"_links":{"self":[{"href":"https:\/\/fullatacados.com.br\/index.php\/wp-json\/wp\/v2\/product\/14084","targetHints":{"allow":["GET"]}}],"collection":[{"href":"https:\/\/fullatacados.com.br\/index.php\/wp-json\/wp\/v2\/product"}],"about":[{"href":"https:\/\/fullatacados.com.br\/index.php\/wp-json\/wp\/v2\/types\/product"}],"replies":[{"embeddable":true,"href":"https:\/\/fullatacados.com.br\/index.php\/wp-json\/wp\/v2\/comments?post=14084"}],"wp:featuredmedia":[{"embeddable":true,"href":"https:\/\/fullatacados.com.br\/index.php\/wp-json\/wp\/v2\/media\/14713"}],"wp:attachment":[{"href":"https:\/\/fullatacados.com.br\/index.php\/wp-json\/wp\/v2\/media?parent=14084"}],"wp:term":[{"taxonomy":"product_brand","embeddable":true,"href":"https:\/\/fullatacados.com.br\/index.php\/wp-json\/wp\/v2\/product_brand?post=14084"},{"taxonomy":"product_cat","embeddable":true,"href":"https:\/\/fullatacados.com.br\/index.php\/wp-json\/wp\/v2\/product_cat?post=14084"},{"taxonomy":"product_tag","embeddable":true,"href":"https:\/\/fullatacados.com.br\/index.php\/wp-json\/wp\/v2\/product_tag?post=14084"}],"curies":[{"name":"wp","href":"https:\/\/api.w.org\/{rel}","templated":true}]}}