{"id":13152,"date":"2025-07-01T09:30:25","date_gmt":"2025-07-01T12:30:25","guid":{"rendered":"https:\/\/fullatacados.com.br\/index.php\/produto\/pneu-diant-100-80-14-fabreck\/"},"modified":"2026-05-16T12:00:07","modified_gmt":"2026-05-16T15:00:07","slug":"pneu-diant-100-80-14-fabreck","status":"publish","type":"product","link":"https:\/\/fullatacados.com.br\/index.php\/produto\/pneu-diant-100-80-14-fabreck\/","title":{"rendered":"PNEU DIANT 100\/80-14 FABRECK"},"content":{"rendered":"<p><span class=\"relative -mx-px my-[-0.2rem] rounded px-px py-[0.2rem] transition-colors duration-100 ease-in-out\">O pneu dianteiro 100\/80\u201114 da Fabreck \u00e9 um modelo <strong data-start=\"50\" data-end=\"70\">sem c\u00e2mara de ar<\/strong>, ideal para scooters e motos urbanas como Honda PCX, Titan\/Fan 150\u2011160. Produzido com borracha sint\u00e9tica de alta qualidade e estrutura refor\u00e7ada, garante excelente estabilidade, durabilidade e seguran\u00e7a em frenagens e curvas. Apresenta ader\u00eancia consistente em pisos secos e molhados, com composi\u00e7\u00e3o adequada ao tr\u00e2nsito e clima urbano brasileiro<\/span><\/p>\n","protected":false},"excerpt":{"rendered":"<p data-start=\"288\" data-end=\"399\">Pneu Fabreck 100\/80\u201114 sem c\u00e2mara, robusto e aderente, ideal para uso urbano em scooters e motos de 150\u2013160\u202fcc.<\/p>\n","protected":false},"featured_media":13393,"comment_status":"closed","ping_status":"closed","template":"","meta":{"_joinchat":[]},"product_brand":[193],"product_cat":[482,56],"product_tag":[],"class_list":{"0":"post-13152","1":"product","2":"type-product","3":"status-publish","4":"has-post-thumbnail","6":"product_brand-fabreck","7":"product_cat-moto-pecas","8":"product_cat-pneu","9":"product_shipping_class-envionormal","11":"first","12":"instock","13":"purchasable","14":"product-type-simple"},"_links":{"self":[{"href":"https:\/\/fullatacados.com.br\/index.php\/wp-json\/wp\/v2\/product\/13152","targetHints":{"allow":["GET"]}}],"collection":[{"href":"https:\/\/fullatacados.com.br\/index.php\/wp-json\/wp\/v2\/product"}],"about":[{"href":"https:\/\/fullatacados.com.br\/index.php\/wp-json\/wp\/v2\/types\/product"}],"replies":[{"embeddable":true,"href":"https:\/\/fullatacados.com.br\/index.php\/wp-json\/wp\/v2\/comments?post=13152"}],"wp:featuredmedia":[{"embeddable":true,"href":"https:\/\/fullatacados.com.br\/index.php\/wp-json\/wp\/v2\/media\/13393"}],"wp:attachment":[{"href":"https:\/\/fullatacados.com.br\/index.php\/wp-json\/wp\/v2\/media?parent=13152"}],"wp:term":[{"taxonomy":"product_brand","embeddable":true,"href":"https:\/\/fullatacados.com.br\/index.php\/wp-json\/wp\/v2\/product_brand?post=13152"},{"taxonomy":"product_cat","embeddable":true,"href":"https:\/\/fullatacados.com.br\/index.php\/wp-json\/wp\/v2\/product_cat?post=13152"},{"taxonomy":"product_tag","embeddable":true,"href":"https:\/\/fullatacados.com.br\/index.php\/wp-json\/wp\/v2\/product_tag?post=13152"}],"curies":[{"name":"wp","href":"https:\/\/api.w.org\/{rel}","templated":true}]}}