{"id":13095,"date":"2025-07-01T09:30:08","date_gmt":"2025-07-01T12:30:08","guid":{"rendered":"https:\/\/fullatacados.com.br\/index.php\/produto\/amortecedor-burgman125-injetada-10-19-uni\/"},"modified":"2025-12-01T13:24:07","modified_gmt":"2025-12-01T16:24:07","slug":"amortecedor-burgman125-injetada-10-19-uni","status":"publish","type":"product","link":"https:\/\/fullatacados.com.br\/index.php\/produto\/amortecedor-burgman125-injetada-10-19-uni\/","title":{"rendered":"AMORTECEDOR BURGMAN125 INJETADA 10\/19 UNI"},"content":{"rendered":"<p><span class=\"relative -mx-px my-[-0.2rem] rounded px-px py-[0.2rem] transition-colors duration-100 ease-in-out\">O amortecedor traseiro KD Motos (c\u00f3d.\u202f10136) \u00e9 compat\u00edvel com Suzuki Burgman 125 injetada, aplic\u00e1vel aos anos de 2011 a 2014. Fabricado com materiais de alta qualidade e resist\u00eancia, oferece excelente controle de amortecimento, seguran\u00e7a e conforto para uso urbano e estrada. Possui garantia de f\u00e1brica, resist\u00eancia a desgastes e troca suave da carga, mantendo a estabilidade da scooter mesmo em condi\u00e7\u00f5es severas<\/span><\/p>\n","protected":false},"excerpt":{"rendered":"<p data-start=\"308\" data-end=\"443\">Amortecedor traseiro KD Motos para Burgman\u202f125 injetada (2011\u201114): dur\u00e1vel, com amortecimento equilibrado para conforto e estabilidade.<\/p>\n","protected":false},"featured_media":13202,"comment_status":"closed","ping_status":"closed","template":"","meta":{"_joinchat":[]},"product_brand":[286],"product_cat":[170,482],"product_tag":[],"class_list":{"0":"post-13095","1":"product","2":"type-product","3":"status-publish","4":"has-post-thumbnail","6":"product_brand-kd-motos","7":"product_cat-amortecedor","8":"product_cat-moto-pecas","9":"product_shipping_class-envionormal","11":"first","12":"instock","13":"purchasable","14":"product-type-simple"},"_links":{"self":[{"href":"https:\/\/fullatacados.com.br\/index.php\/wp-json\/wp\/v2\/product\/13095","targetHints":{"allow":["GET"]}}],"collection":[{"href":"https:\/\/fullatacados.com.br\/index.php\/wp-json\/wp\/v2\/product"}],"about":[{"href":"https:\/\/fullatacados.com.br\/index.php\/wp-json\/wp\/v2\/types\/product"}],"replies":[{"embeddable":true,"href":"https:\/\/fullatacados.com.br\/index.php\/wp-json\/wp\/v2\/comments?post=13095"}],"wp:featuredmedia":[{"embeddable":true,"href":"https:\/\/fullatacados.com.br\/index.php\/wp-json\/wp\/v2\/media\/13202"}],"wp:attachment":[{"href":"https:\/\/fullatacados.com.br\/index.php\/wp-json\/wp\/v2\/media?parent=13095"}],"wp:term":[{"taxonomy":"product_brand","embeddable":true,"href":"https:\/\/fullatacados.com.br\/index.php\/wp-json\/wp\/v2\/product_brand?post=13095"},{"taxonomy":"product_cat","embeddable":true,"href":"https:\/\/fullatacados.com.br\/index.php\/wp-json\/wp\/v2\/product_cat?post=13095"},{"taxonomy":"product_tag","embeddable":true,"href":"https:\/\/fullatacados.com.br\/index.php\/wp-json\/wp\/v2\/product_tag?post=13095"}],"curies":[{"name":"wp","href":"https:\/\/api.w.org\/{rel}","templated":true}]}}