{"id":13072,"date":"2025-07-01T09:30:02","date_gmt":"2025-07-01T12:30:02","guid":{"rendered":"https:\/\/fullatacados.com.br\/index.php\/produto\/pneu-diant-100-90-12-kenda-s-cam\/"},"modified":"2026-04-30T12:15:07","modified_gmt":"2026-04-30T15:15:07","slug":"pneu-diant-100-90-12-kenda-s-cam","status":"publish","type":"product","link":"https:\/\/fullatacados.com.br\/index.php\/produto\/pneu-diant-100-90-12-kenda-s-cam\/","title":{"rendered":"PNEU DIANT 100\/90-12 KENDA S\/CAM"},"content":{"rendered":"<p><span class=\"relative -mx-px my-[-0.2rem] rounded px-px py-[0.2rem] transition-colors duration-100 ease-in-out\">O pneu dianteiro Kenda 100\/90\u201112 TL (modelo K6009F, c\u00f3digo 883058) \u00e9 um modelo tubeless, indicado para scooters e motos urbanas com aro 12\u2033, como Honda Lead e Elite. Tem \u00edndice de carga 59 (243\u202fkg) e velocidade J (at\u00e9 100\u202fkm\/h). Fabricado com composto de borracha nacional de alta qualidade, oferece excelente ader\u00eancia em piso seco e molhado, estabilidade em curvas e durabilidade com Inmetro e garantia de 5 anos no Brasil<\/span><\/p>\n","protected":false},"excerpt":{"rendered":"<p data-start=\"265\" data-end=\"395\">Pneu sem c\u00e2mara Kenda 100\/90\u201112 K6009F \u2013 aderente, est\u00e1vel e dur\u00e1vel, com \u00edndice 59J e certificado Inmetro, ideal para uso urbano.<\/p>\n","protected":false},"featured_media":13198,"comment_status":"closed","ping_status":"closed","template":"","meta":{"_joinchat":[]},"product_brand":[281],"product_cat":[482,56],"product_tag":[],"class_list":{"0":"post-13072","1":"product","2":"type-product","3":"status-publish","4":"has-post-thumbnail","6":"product_brand-kenda","7":"product_cat-moto-pecas","8":"product_cat-pneu","9":"product_shipping_class-envionormal","11":"first","12":"outofstock","13":"purchasable","14":"product-type-simple"},"_links":{"self":[{"href":"https:\/\/fullatacados.com.br\/index.php\/wp-json\/wp\/v2\/product\/13072","targetHints":{"allow":["GET"]}}],"collection":[{"href":"https:\/\/fullatacados.com.br\/index.php\/wp-json\/wp\/v2\/product"}],"about":[{"href":"https:\/\/fullatacados.com.br\/index.php\/wp-json\/wp\/v2\/types\/product"}],"replies":[{"embeddable":true,"href":"https:\/\/fullatacados.com.br\/index.php\/wp-json\/wp\/v2\/comments?post=13072"}],"wp:featuredmedia":[{"embeddable":true,"href":"https:\/\/fullatacados.com.br\/index.php\/wp-json\/wp\/v2\/media\/13198"}],"wp:attachment":[{"href":"https:\/\/fullatacados.com.br\/index.php\/wp-json\/wp\/v2\/media?parent=13072"}],"wp:term":[{"taxonomy":"product_brand","embeddable":true,"href":"https:\/\/fullatacados.com.br\/index.php\/wp-json\/wp\/v2\/product_brand?post=13072"},{"taxonomy":"product_cat","embeddable":true,"href":"https:\/\/fullatacados.com.br\/index.php\/wp-json\/wp\/v2\/product_cat?post=13072"},{"taxonomy":"product_tag","embeddable":true,"href":"https:\/\/fullatacados.com.br\/index.php\/wp-json\/wp\/v2\/product_tag?post=13072"}],"curies":[{"name":"wp","href":"https:\/\/api.w.org\/{rel}","templated":true}]}}