{"id":13019,"date":"2025-07-01T09:29:46","date_gmt":"2025-07-01T12:29:46","guid":{"rendered":"https:\/\/fullatacados.com.br\/index.php\/produto\/capa-banco-universal-g\/"},"modified":"2026-03-02T15:20:08","modified_gmt":"2026-03-02T18:20:08","slug":"capa-banco-universal-g","status":"publish","type":"product","link":"https:\/\/fullatacados.com.br\/index.php\/produto\/capa-banco-universal-g\/","title":{"rendered":"CAPA BANCO UNIVERSAL G"},"content":{"rendered":"","protected":false},"excerpt":{"rendered":"<p>Capa de Banco T\u00e9rmica para Motos \u2013 Conforto e Prote\u00e7\u00e3o em Qualquer Clima!<\/p>\n<p>Garanta mais conforto nas suas viagens com a capa de banco t\u00e9rmica para motos. Fabricada com material especial que reduz o aquecimento excessivo do assento sob o sol e ajuda a manter a temperatura agrad\u00e1vel em dias frios. Seu revestimento \u00e9 resistente, de f\u00e1cil limpeza e proporciona prote\u00e7\u00e3o contra sol, chuva e poeira, aumentando a vida \u00fatil do banco original. Compat\u00edvel com a maioria dos modelos de motocicletas, possui el\u00e1stico e ajuste perfeito para uma instala\u00e7\u00e3o r\u00e1pida e segura. Ideal para uso urbano e em longas rotas!<\/p>\n","protected":false},"featured_media":13637,"comment_status":"closed","ping_status":"closed","template":"","meta":{"_joinchat":[]},"product_brand":[255],"product_cat":[75,482],"product_tag":[],"class_list":{"0":"post-13019","1":"product","2":"type-product","3":"status-publish","4":"has-post-thumbnail","6":"product_brand-piracapas","7":"product_cat-capa","8":"product_cat-moto-pecas","9":"product_shipping_class-envionormal","11":"first","12":"instock","13":"purchasable","14":"product-type-simple"},"_links":{"self":[{"href":"https:\/\/fullatacados.com.br\/index.php\/wp-json\/wp\/v2\/product\/13019","targetHints":{"allow":["GET"]}}],"collection":[{"href":"https:\/\/fullatacados.com.br\/index.php\/wp-json\/wp\/v2\/product"}],"about":[{"href":"https:\/\/fullatacados.com.br\/index.php\/wp-json\/wp\/v2\/types\/product"}],"replies":[{"embeddable":true,"href":"https:\/\/fullatacados.com.br\/index.php\/wp-json\/wp\/v2\/comments?post=13019"}],"wp:featuredmedia":[{"embeddable":true,"href":"https:\/\/fullatacados.com.br\/index.php\/wp-json\/wp\/v2\/media\/13637"}],"wp:attachment":[{"href":"https:\/\/fullatacados.com.br\/index.php\/wp-json\/wp\/v2\/media?parent=13019"}],"wp:term":[{"taxonomy":"product_brand","embeddable":true,"href":"https:\/\/fullatacados.com.br\/index.php\/wp-json\/wp\/v2\/product_brand?post=13019"},{"taxonomy":"product_cat","embeddable":true,"href":"https:\/\/fullatacados.com.br\/index.php\/wp-json\/wp\/v2\/product_cat?post=13019"},{"taxonomy":"product_tag","embeddable":true,"href":"https:\/\/fullatacados.com.br\/index.php\/wp-json\/wp\/v2\/product_tag?post=13019"}],"curies":[{"name":"wp","href":"https:\/\/api.w.org\/{rel}","templated":true}]}}