{"id":12991,"date":"2025-07-01T09:29:41","date_gmt":"2025-07-01T12:29:41","guid":{"rendered":"https:\/\/fullatacados.com.br\/index.php\/produto\/pneu-tras-130-70-17-iratires\/"},"modified":"2025-12-01T13:24:17","modified_gmt":"2025-12-01T16:24:17","slug":"pneu-tras-130-70-17-iratires","status":"publish","type":"product","link":"https:\/\/fullatacados.com.br\/index.php\/produto\/pneu-tras-130-70-17-iratires\/","title":{"rendered":"PNEU TRAS 130\/70-17 IRATIRES"},"content":{"rendered":"","protected":false},"excerpt":{"rendered":"<p>PNEU ERATIRES \u2013 SEGURAN\u00c7A, DESEMPENHO E DURABILIDADE! \ud83d\udca5<\/p>\n<p>Enfrente qualquer estrada com confian\u00e7a! Os pneus EraTires s\u00e3o desenvolvidos com tecnologia de ponta para oferecer mais ader\u00eancia, resist\u00eancia e estabilidade, seja no asfalto ou na terra. Ideal para quem busca o melhor custo-benef\u00edcio sem abrir m\u00e3o da qualidade.<\/p>\n<p>\u2714 Excelente desempenho em piso seco e molhado<br \/>\n\u2714 Alta durabilidade e menor desgaste<br \/>\n\u2714 Conforto e seguran\u00e7a em cada curva<\/p>\n","protected":false},"featured_media":14397,"comment_status":"closed","ping_status":"closed","template":"","meta":{"_joinchat":[]},"product_brand":[273],"product_cat":[482,56],"product_tag":[],"class_list":{"0":"post-12991","1":"product","2":"type-product","3":"status-publish","4":"has-post-thumbnail","6":"product_brand-vulcan","7":"product_cat-moto-pecas","8":"product_cat-pneu","9":"product_shipping_class-envionormal","11":"first","12":"instock","13":"purchasable","14":"product-type-simple"},"_links":{"self":[{"href":"https:\/\/fullatacados.com.br\/index.php\/wp-json\/wp\/v2\/product\/12991","targetHints":{"allow":["GET"]}}],"collection":[{"href":"https:\/\/fullatacados.com.br\/index.php\/wp-json\/wp\/v2\/product"}],"about":[{"href":"https:\/\/fullatacados.com.br\/index.php\/wp-json\/wp\/v2\/types\/product"}],"replies":[{"embeddable":true,"href":"https:\/\/fullatacados.com.br\/index.php\/wp-json\/wp\/v2\/comments?post=12991"}],"wp:featuredmedia":[{"embeddable":true,"href":"https:\/\/fullatacados.com.br\/index.php\/wp-json\/wp\/v2\/media\/14397"}],"wp:attachment":[{"href":"https:\/\/fullatacados.com.br\/index.php\/wp-json\/wp\/v2\/media?parent=12991"}],"wp:term":[{"taxonomy":"product_brand","embeddable":true,"href":"https:\/\/fullatacados.com.br\/index.php\/wp-json\/wp\/v2\/product_brand?post=12991"},{"taxonomy":"product_cat","embeddable":true,"href":"https:\/\/fullatacados.com.br\/index.php\/wp-json\/wp\/v2\/product_cat?post=12991"},{"taxonomy":"product_tag","embeddable":true,"href":"https:\/\/fullatacados.com.br\/index.php\/wp-json\/wp\/v2\/product_tag?post=12991"}],"curies":[{"name":"wp","href":"https:\/\/api.w.org\/{rel}","templated":true}]}}