{"id":12803,"date":"2025-07-01T09:28:48","date_gmt":"2025-07-01T12:28:48","guid":{"rendered":"https:\/\/fullatacados.com.br\/index.php\/produto\/pneu-tras-100-90-14-maggion-s-c\/"},"modified":"2026-05-02T09:20:06","modified_gmt":"2026-05-02T12:20:06","slug":"pneu-tras-100-90-14-maggion-s-c","status":"publish","type":"product","link":"https:\/\/fullatacados.com.br\/index.php\/produto\/pneu-tras-100-90-14-maggion-s-c\/","title":{"rendered":"PNEU TRAS 100\/90-14 MAGGION S\/C"},"content":{"rendered":"<p>Pneu traseiro Maggion 100\/90-14 Sportissimo II: modelo sem c\u00e2mara (tubeless), ideal para scooters como a Honda PCX. Suporta at\u00e9 230\u202fkg e 150\u202fkm\/h (\u00edndice 57P). Constru\u00e7\u00e3o nacional, com boa ader\u00eancia e durabilidade para uso urbano. Certificado pelo Inmetro.<\/p>\n","protected":false},"excerpt":{"rendered":"<p>Pneu traseiro Maggion 100\/90-14 Sportissimo II: modelo sem c\u00e2mara (tubeless), ideal para scooters como a Honda PCX. Suporta at\u00e9 230\u202fkg e 150\u202fkm\/h (\u00edndice 57P). Constru\u00e7\u00e3o nacional, com boa ader\u00eancia e durabilidade para uso urbano. Certificado pelo Inmetro.<\/p>\n","protected":false},"featured_media":14734,"comment_status":"closed","ping_status":"closed","template":"","meta":{"_joinchat":[]},"product_brand":[232],"product_cat":[482,56],"product_tag":[],"class_list":{"0":"post-12803","1":"product","2":"type-product","3":"status-publish","4":"has-post-thumbnail","6":"product_brand-maggion","7":"product_cat-moto-pecas","8":"product_cat-pneu","9":"product_shipping_class-envionormal","11":"first","12":"instock","13":"purchasable","14":"product-type-simple"},"_links":{"self":[{"href":"https:\/\/fullatacados.com.br\/index.php\/wp-json\/wp\/v2\/product\/12803","targetHints":{"allow":["GET"]}}],"collection":[{"href":"https:\/\/fullatacados.com.br\/index.php\/wp-json\/wp\/v2\/product"}],"about":[{"href":"https:\/\/fullatacados.com.br\/index.php\/wp-json\/wp\/v2\/types\/product"}],"replies":[{"embeddable":true,"href":"https:\/\/fullatacados.com.br\/index.php\/wp-json\/wp\/v2\/comments?post=12803"}],"wp:featuredmedia":[{"embeddable":true,"href":"https:\/\/fullatacados.com.br\/index.php\/wp-json\/wp\/v2\/media\/14734"}],"wp:attachment":[{"href":"https:\/\/fullatacados.com.br\/index.php\/wp-json\/wp\/v2\/media?parent=12803"}],"wp:term":[{"taxonomy":"product_brand","embeddable":true,"href":"https:\/\/fullatacados.com.br\/index.php\/wp-json\/wp\/v2\/product_brand?post=12803"},{"taxonomy":"product_cat","embeddable":true,"href":"https:\/\/fullatacados.com.br\/index.php\/wp-json\/wp\/v2\/product_cat?post=12803"},{"taxonomy":"product_tag","embeddable":true,"href":"https:\/\/fullatacados.com.br\/index.php\/wp-json\/wp\/v2\/product_tag?post=12803"}],"curies":[{"name":"wp","href":"https:\/\/api.w.org\/{rel}","templated":true}]}}