{"id":12743,"date":"2025-07-01T09:28:30","date_gmt":"2025-07-01T12:28:30","guid":{"rendered":"https:\/\/fullatacados.com.br\/index.php\/produto\/pneu-diant-90-90-19-maggion\/"},"modified":"2026-04-28T17:35:07","modified_gmt":"2026-04-28T20:35:07","slug":"pneu-diant-90-90-19-maggion","status":"publish","type":"product","link":"https:\/\/fullatacados.com.br\/index.php\/produto\/pneu-diant-90-90-19-maggion\/","title":{"rendered":"PNEU DIANT 90\/90-19 MAGGION"},"content":{"rendered":"<p>Pneu dianteiro Maggion 90\/90-19 Viper: indicado para motos trail como Bros, XRE e Crosser. Modelo com c\u00e2mara (TT), constru\u00e7\u00e3o diagonal, \u00edndice 52T (at\u00e9 200\u202fkg e 190\u202fkm\/h). Proporciona boa tra\u00e7\u00e3o no asfalto e em terrenos leves. Certificado pelo Inmetro, com at\u00e9 5 anos de garantia.<\/p>\n","protected":false},"excerpt":{"rendered":"<p>Pneu dianteiro Maggion 90\/90-19 Viper: indicado para motos trail como Bros, XRE e Crosser. Modelo com c\u00e2mara (TT), constru\u00e7\u00e3o diagonal, \u00edndice 52T (at\u00e9 200\u202fkg e 190\u202fkm\/h). Proporciona boa tra\u00e7\u00e3o no asfalto e em terrenos leves. Certificado pelo Inmetro, com at\u00e9 5 anos de garantia.<\/p>\n","protected":false},"featured_media":14740,"comment_status":"closed","ping_status":"closed","template":"","meta":{"_joinchat":[]},"product_brand":[232],"product_cat":[482,56],"product_tag":[],"class_list":{"0":"post-12743","1":"product","2":"type-product","3":"status-publish","4":"has-post-thumbnail","6":"product_brand-maggion","7":"product_cat-moto-pecas","8":"product_cat-pneu","9":"product_shipping_class-envionormal","11":"first","12":"instock","13":"purchasable","14":"product-type-simple"},"_links":{"self":[{"href":"https:\/\/fullatacados.com.br\/index.php\/wp-json\/wp\/v2\/product\/12743","targetHints":{"allow":["GET"]}}],"collection":[{"href":"https:\/\/fullatacados.com.br\/index.php\/wp-json\/wp\/v2\/product"}],"about":[{"href":"https:\/\/fullatacados.com.br\/index.php\/wp-json\/wp\/v2\/types\/product"}],"replies":[{"embeddable":true,"href":"https:\/\/fullatacados.com.br\/index.php\/wp-json\/wp\/v2\/comments?post=12743"}],"wp:featuredmedia":[{"embeddable":true,"href":"https:\/\/fullatacados.com.br\/index.php\/wp-json\/wp\/v2\/media\/14740"}],"wp:attachment":[{"href":"https:\/\/fullatacados.com.br\/index.php\/wp-json\/wp\/v2\/media?parent=12743"}],"wp:term":[{"taxonomy":"product_brand","embeddable":true,"href":"https:\/\/fullatacados.com.br\/index.php\/wp-json\/wp\/v2\/product_brand?post=12743"},{"taxonomy":"product_cat","embeddable":true,"href":"https:\/\/fullatacados.com.br\/index.php\/wp-json\/wp\/v2\/product_cat?post=12743"},{"taxonomy":"product_tag","embeddable":true,"href":"https:\/\/fullatacados.com.br\/index.php\/wp-json\/wp\/v2\/product_tag?post=12743"}],"curies":[{"name":"wp","href":"https:\/\/api.w.org\/{rel}","templated":true}]}}