{"id":12724,"date":"2025-07-01T09:28:24","date_gmt":"2025-07-01T12:28:24","guid":{"rendered":"https:\/\/fullatacados.com.br\/index.php\/produto\/bau-biz125-porta-capacete-11-17\/"},"modified":"2026-04-22T13:35:08","modified_gmt":"2026-04-22T16:35:08","slug":"bau-biz125-porta-capacete-11-17","status":"publish","type":"product","link":"https:\/\/fullatacados.com.br\/index.php\/produto\/bau-biz125-porta-capacete-11-17\/","title":{"rendered":"BAU BIZ125 PORTA CAPACETE 11\/17"},"content":{"rendered":"<p><span class=\"relative -mx-px my-[-0.2rem] rounded px-px py-[0.2rem] transition-colors duration-100 ease-in-out\">O ba\u00fa porta-capacete Pro\u202fTork (c\u00f3d.\u202f016\u20112001) \u00e9 compat\u00edvel com Honda Biz\u202f125 (modelos ES\/KS de 2011 a 2017) e Biz\u202f100 (2012\u20132013). Fabricado em <strong data-start=\"144\" data-end=\"164\">ABS\u202f100\u202f% virgem<\/strong> e <strong data-start=\"167\" data-end=\"187\">inje\u00e7\u00e3o pl\u00e1stica<\/strong> de alta resist\u00eancia, possui encaixe perfeito gra\u00e7as ao molde original, sem necessidade de adapta\u00e7\u00f5es. Ideal para transporte seguro de capacete, f\u00e1cil de instalar e resistente aos raios UV, combina durabilidade e custo\u2011benef\u00edcio elevado<\/span><\/p>\n","protected":false},"excerpt":{"rendered":"<p data-start=\"297\" data-end=\"442\">Ba\u00fa traseiro Pro\u202fTork 016\u20112001 para Biz\u202f125 (2011\u201317): ABS injetado dur\u00e1vel, encaixe OEM e prote\u00e7\u00e3o UV \u2014 pr\u00e1tico e seguro para carregar capacete.<\/p>\n","protected":false},"featured_media":9481,"comment_status":"closed","ping_status":"closed","template":"","meta":{"_joinchat":[]},"product_brand":[183],"product_cat":[96,482],"product_tag":[],"class_list":{"0":"post-12724","1":"product","2":"type-product","3":"status-publish","4":"has-post-thumbnail","6":"product_brand-pro-tork","7":"product_cat-bau","8":"product_cat-moto-pecas","9":"product_shipping_class-envionormal","11":"first","12":"instock","13":"purchasable","14":"product-type-simple"},"_links":{"self":[{"href":"https:\/\/fullatacados.com.br\/index.php\/wp-json\/wp\/v2\/product\/12724","targetHints":{"allow":["GET"]}}],"collection":[{"href":"https:\/\/fullatacados.com.br\/index.php\/wp-json\/wp\/v2\/product"}],"about":[{"href":"https:\/\/fullatacados.com.br\/index.php\/wp-json\/wp\/v2\/types\/product"}],"replies":[{"embeddable":true,"href":"https:\/\/fullatacados.com.br\/index.php\/wp-json\/wp\/v2\/comments?post=12724"}],"wp:featuredmedia":[{"embeddable":true,"href":"https:\/\/fullatacados.com.br\/index.php\/wp-json\/wp\/v2\/media\/9481"}],"wp:attachment":[{"href":"https:\/\/fullatacados.com.br\/index.php\/wp-json\/wp\/v2\/media?parent=12724"}],"wp:term":[{"taxonomy":"product_brand","embeddable":true,"href":"https:\/\/fullatacados.com.br\/index.php\/wp-json\/wp\/v2\/product_brand?post=12724"},{"taxonomy":"product_cat","embeddable":true,"href":"https:\/\/fullatacados.com.br\/index.php\/wp-json\/wp\/v2\/product_cat?post=12724"},{"taxonomy":"product_tag","embeddable":true,"href":"https:\/\/fullatacados.com.br\/index.php\/wp-json\/wp\/v2\/product_tag?post=12724"}],"curies":[{"name":"wp","href":"https:\/\/api.w.org\/{rel}","templated":true}]}}

<p><span class="relative -mx-px my-[-0.2rem] rounded px-px py-[0.2rem] transition-colors duration-100 ease-in-out">O baú porta-capacete Pro Tork (cód. 016‑2001) é compatível com Honda Biz 125 (modelos ES/KS de 2011 a 2017) e Biz 100 (2012–2013). Fabricado em <strong data-start="144" data-end="164">ABS 100 % virgem</strong> e <strong data-start="167" data-end="187">injeção plástica</strong> de alta resistência, possui encaixe perfeito graças ao molde original, sem necessidade de adaptações. Ideal para transporte seguro de capacete, fácil de instalar e resistente aos raios UV, combina durabilidade e custo‑benefício elevado</span></p>

<p data-start="297" data-end="442">Baú traseiro Pro Tork 016‑2001 para Biz 125 (2011–17): ABS injetado durável, encaixe OEM e proteção UV — prático e seguro para carregar capacete.</p>
