{"id":12488,"date":"2025-07-01T09:27:17","date_gmt":"2025-07-01T12:27:17","guid":{"rendered":"https:\/\/fullatacados.com.br\/index.php\/produto\/oleo-suspensao-motul-10w-expert-1lt\/"},"modified":"2026-04-16T10:50:06","modified_gmt":"2026-04-16T13:50:06","slug":"oleo-suspensao-motul-10w-expert-1lt","status":"publish","type":"product","link":"https:\/\/fullatacados.com.br\/index.php\/produto\/oleo-suspensao-motul-10w-expert-1lt\/","title":{"rendered":"OLEO SUSPENSAO MOTUL 10W EXPERT 1LT"},"content":{"rendered":"<p><span class=\"relative -mx-px my-[-0.2rem] rounded px-px py-[0.2rem] transition-colors duration-100 ease-in-out\">O Motul Fork Oil Expert Medium SAE 10W \u00e9 um fluido hidr\u00e1ulico semi\u2011sint\u00e9tico (Technosynthese\u00ae) desenvolvido para garfos dianteiros de motocicletas, sejam convencionais ou invertidos. Possui aditivo antifric\u00e7\u00e3o exclusivo, excelente estabilidade t\u00e9rmica e alta resist\u00eancia a cisalhamento, garantindo lubrifica\u00e7\u00e3o eficaz, redu\u00e7\u00e3o de atrito interno, anti\u2011espuma, anticorros\u00e3o e compatibilidade com juntas e retentores. Indicado para uso em marcas como Kayaba, Showa, \u00d6hlins e WP<\/span><\/p>\n","protected":false},"excerpt":{"rendered":"<p data-start=\"267\" data-end=\"422\">Fluido hidr\u00e1ulico Motul 10W para garfos, Technosynthese\u00ae, com aditivo antifric\u00e7\u00e3o \u2014 lubrifica\u00e7\u00e3o refinada, prote\u00e7\u00e3o contra desgaste e estabilidade t\u00e9rmica.<\/p>\n","protected":false},"featured_media":13193,"comment_status":"closed","ping_status":"closed","template":"","meta":{"_joinchat":[]},"product_brand":[215],"product_cat":[482,26],"product_tag":[],"class_list":{"0":"post-12488","1":"product","2":"type-product","3":"status-publish","4":"has-post-thumbnail","6":"product_brand-motul","7":"product_cat-moto-pecas","8":"product_cat-oleo","9":"product_shipping_class-envionormal","11":"first","12":"instock","13":"purchasable","14":"product-type-simple"},"_links":{"self":[{"href":"https:\/\/fullatacados.com.br\/index.php\/wp-json\/wp\/v2\/product\/12488","targetHints":{"allow":["GET"]}}],"collection":[{"href":"https:\/\/fullatacados.com.br\/index.php\/wp-json\/wp\/v2\/product"}],"about":[{"href":"https:\/\/fullatacados.com.br\/index.php\/wp-json\/wp\/v2\/types\/product"}],"replies":[{"embeddable":true,"href":"https:\/\/fullatacados.com.br\/index.php\/wp-json\/wp\/v2\/comments?post=12488"}],"wp:featuredmedia":[{"embeddable":true,"href":"https:\/\/fullatacados.com.br\/index.php\/wp-json\/wp\/v2\/media\/13193"}],"wp:attachment":[{"href":"https:\/\/fullatacados.com.br\/index.php\/wp-json\/wp\/v2\/media?parent=12488"}],"wp:term":[{"taxonomy":"product_brand","embeddable":true,"href":"https:\/\/fullatacados.com.br\/index.php\/wp-json\/wp\/v2\/product_brand?post=12488"},{"taxonomy":"product_cat","embeddable":true,"href":"https:\/\/fullatacados.com.br\/index.php\/wp-json\/wp\/v2\/product_cat?post=12488"},{"taxonomy":"product_tag","embeddable":true,"href":"https:\/\/fullatacados.com.br\/index.php\/wp-json\/wp\/v2\/product_tag?post=12488"}],"curies":[{"name":"wp","href":"https:\/\/api.w.org\/{rel}","templated":true}]}}