{"id":12464,"date":"2025-07-01T09:27:11","date_gmt":"2025-07-01T12:27:11","guid":{"rendered":"https:\/\/fullatacados.com.br\/index.php\/produto\/kit-cilindro-fan09\/"},"modified":"2026-04-29T18:25:09","modified_gmt":"2026-04-29T21:25:09","slug":"kit-cilindro-fan09","status":"publish","type":"product","link":"https:\/\/fullatacados.com.br\/index.php\/produto\/kit-cilindro-fan09\/","title":{"rendered":"KIT CILINDRO FAN125 09\/13"},"content":{"rendered":"<p>O Kit Pit Stop Metal Leve K-9350 foi desenvolvido para restaurar o desempenho original do motor da Honda Fan 125, modelo 2009. O conjunto inclui cilindro, pist\u00e3o, an\u00e9is, pino, travas e jogo de juntas com qualidade reconhecida da Metal Leve, proporcionando excelente veda\u00e7\u00e3o, durabilidade e desempenho. Ideal para quem busca confiabilidade e economia na manuten\u00e7\u00e3o do motor, com instala\u00e7\u00e3o pr\u00e1tica e r\u00e1pida.<\/p>\n","protected":false},"excerpt":{"rendered":"<p data-start=\"564\" data-end=\"671\">Conjunto completo para ret\u00edfica do motor da Fan 125 2009, com pe\u00e7as de alta qualidade e montagem simples.<\/p>\n<p data-start=\"673\" data-end=\"704\" data-is-last-node=\"\" data-is-only-node=\"\">\n","protected":false},"featured_media":13869,"comment_status":"closed","ping_status":"closed","template":"","meta":{"_joinchat":[]},"product_brand":[207],"product_cat":[95,482],"product_tag":[],"class_list":{"0":"post-12464","1":"product","2":"type-product","3":"status-publish","4":"has-post-thumbnail","6":"product_brand-metal-leve","7":"product_cat-kit","8":"product_cat-moto-pecas","9":"product_shipping_class-envionormal","11":"first","12":"instock","13":"purchasable","14":"product-type-simple"},"_links":{"self":[{"href":"https:\/\/fullatacados.com.br\/index.php\/wp-json\/wp\/v2\/product\/12464","targetHints":{"allow":["GET"]}}],"collection":[{"href":"https:\/\/fullatacados.com.br\/index.php\/wp-json\/wp\/v2\/product"}],"about":[{"href":"https:\/\/fullatacados.com.br\/index.php\/wp-json\/wp\/v2\/types\/product"}],"replies":[{"embeddable":true,"href":"https:\/\/fullatacados.com.br\/index.php\/wp-json\/wp\/v2\/comments?post=12464"}],"wp:featuredmedia":[{"embeddable":true,"href":"https:\/\/fullatacados.com.br\/index.php\/wp-json\/wp\/v2\/media\/13869"}],"wp:attachment":[{"href":"https:\/\/fullatacados.com.br\/index.php\/wp-json\/wp\/v2\/media?parent=12464"}],"wp:term":[{"taxonomy":"product_brand","embeddable":true,"href":"https:\/\/fullatacados.com.br\/index.php\/wp-json\/wp\/v2\/product_brand?post=12464"},{"taxonomy":"product_cat","embeddable":true,"href":"https:\/\/fullatacados.com.br\/index.php\/wp-json\/wp\/v2\/product_cat?post=12464"},{"taxonomy":"product_tag","embeddable":true,"href":"https:\/\/fullatacados.com.br\/index.php\/wp-json\/wp\/v2\/product_tag?post=12464"}],"curies":[{"name":"wp","href":"https:\/\/api.w.org\/{rel}","templated":true}]}}